{"id":24,"date":"2012-12-01T12:37:57","date_gmt":"2012-12-01T11:37:57","guid":{"rendered":"http:\/\/dolinaraby.pl\/nowa_strona\/?page_id=24"},"modified":"2024-10-03T10:06:18","modified_gmt":"2024-10-03T08:06:18","slug":"o-stowarzyszeniu","status":"publish","type":"page","link":"http:\/\/dolinaraby.pl\/1\/o-stowarzyszeniu\/","title":{"rendered":"O STOWARZYSZENIU"},"content":{"rendered":"\n<h2 class=\"wp-block-heading\"><mark style=\"background-color:rgba(0, 0, 0, 0)\" class=\"has-inline-color has-vivid-cyan-blue-color\">O STOWARZYSZENIU<\/mark><\/h2>\n\n\n\n<p><strong>Stowarzyszenie Lokalna Grupa Dzia\u0142ania Dolina Raby <\/strong>powsta\u0142o z ko\u0144cem 2008 roku. Inicjatorem powstania stowarzyszenia by\u0142y w\u0142adze samorz\u0105dowe gminy Gd\u00f3w. Stowarzyszenie jest partnerstwem tr\u00f3jsektorowym, sk\u0142adaj\u0105cym si\u0119 z przedstawicieli sektora publicznego, gospodarczego i spo\u0142ecznego z obszaru 8 gmin cz\u0142onkowskich. S\u0105 to gminy wiejskie: <strong>Biskupice, Bochnia, Gd\u00f3w, \u0141apan\u00f3w, Trzciana, \u017begocina<\/strong> oraz gminy wiejsko- miejskie: <strong>Dobczyce<\/strong> i <strong>Nowy Wi\u015bnicz<\/strong>. Obszar LGD jest sp\u00f3jny pod wzgl\u0119dem przestrzennym. Wszystkie gminy pozostaj\u0105 w bezpo\u015brednim lub dalszym s\u0105siedztwie, tworz\u0105c sp\u00f3jn\u0105 ca\u0142o\u015b\u0107. Siedziba Biura LGD znajduje si\u0119 w Gminie \u0141apan\u00f3w.<\/p>\n\n\n\n<p><strong><u>Status prawny<\/u>:<\/strong> stowarzyszenie \u201especjalne\u201d dzia\u0142a na postawie obowi\u0105zuj\u0105cych przepis\u00f3w prawa krajowego i europejskiego dot. stowarzysze\u0144 oraz lokalnych grup dzia\u0142ania.&nbsp; <u>Data wpisu w KRS<\/u>: 22 pa\u017adziernika 2008 r. <u>Numer KRS<\/u>: 0000316230<\/p>\n\n\n\n<p>Nadz\u00f3r nad dzia\u0142alno\u015bci\u0105 LGD Dolina Raby sprawuje Marsza\u0142ek Wojew\u00f3dztwa Ma\u0142opolskiego. Jest to stowarzyszenie &#8221;specjalne&#8221;, gdy\u017c obok Walnego Zebrania Cz\u0142onk\u00f3w, Zarz\u0105du oraz organu kontroli wewn\u0119trznej, funkcjonuje dodatkowy organ \u2013 Rada, kt\u00f3ra podejmuje decyzje w sprawie wyboru oraz ustalenia kwoty wsparcia operacji realizowanych w ramach Lokalnej Strategii Rozwoju.<\/p>\n\n\n\n<p><span class=\"BxUVEf ILfuVd\" lang=\"pl\"><span class=\"hgKElc\">Zadaniem <b>LGD<\/b> jest opracowanie Lokalnej Strategii Rozwoju, a nast\u0119pnie jej wdro\u017cenie poprzez realizacj\u0119 wynikaj\u0105cych z niej przedsi\u0119wzi\u0119\u0107 i projekt\u00f3w, opieraj\u0105cych si\u0119 na zasobach ludzkich, kulturowych, naturalnych, historycznych itp.<\/span><\/span><\/p>\n\n\n\n<figure class=\"wp-block-image size-large\"><img fetchpriority=\"high\" decoding=\"async\" width=\"1024\" height=\"724\" src=\"http:\/\/dolinaraby.pl\/1\/wp-content\/uploads\/2024\/05\/obszar-LGD-1024x724.png\" alt=\"\" class=\"wp-image-13833\" srcset=\"http:\/\/dolinaraby.pl\/1\/wp-content\/uploads\/2024\/05\/obszar-LGD-1024x724.png 1024w, http:\/\/dolinaraby.pl\/1\/wp-content\/uploads\/2024\/05\/obszar-LGD-300x212.png 300w, http:\/\/dolinaraby.pl\/1\/wp-content\/uploads\/2024\/05\/obszar-LGD-768x543.png 768w, http:\/\/dolinaraby.pl\/1\/wp-content\/uploads\/2024\/05\/obszar-LGD-1536x1086.png 1536w, http:\/\/dolinaraby.pl\/1\/wp-content\/uploads\/2024\/05\/obszar-LGD-1170x827.png 1170w, http:\/\/dolinaraby.pl\/1\/wp-content\/uploads\/2024\/05\/obszar-LGD-585x414.png 585w, http:\/\/dolinaraby.pl\/1\/wp-content\/uploads\/2024\/05\/obszar-LGD.png 1559w\" sizes=\"(max-width: 1024px) 100vw, 1024px\" \/><figcaption class=\"wp-element-caption\">Mapa obszaru LGD &#8222;Dolina Raby&#8221;<\/figcaption><\/figure>\n\n\n\n<p><\/p>\n","protected":false},"excerpt":{"rendered":"<p>O STOWARZYSZENIU Stowarzyszenie Lokalna Grupa Dzia\u0142ania Dolina Raby powsta\u0142o z ko\u0144cem 2008 roku. Inicjatorem powstania stowarzyszenia by\u0142y w\u0142adze samorz\u0105dowe gminy Gd\u00f3w. Stowarzyszenie jest partnerstwem tr\u00f3jsektorowym,&hellip;<\/p>\n","protected":false},"author":1,"featured_media":0,"parent":0,"menu_order":0,"comment_status":"closed","ping_status":"closed","template":"","meta":{"_monsterinsights_skip_tracking":false,"_monsterinsights_sitenote_active":false,"_monsterinsights_sitenote_note":"","_monsterinsights_sitenote_category":0,"_lmt_disableupdate":"","_lmt_disable":"","ngg_post_thumbnail":0,"footnotes":""},"class_list":["post-24","page","type-page","status-publish","hentry"],"_links":{"self":[{"href":"http:\/\/dolinaraby.pl\/1\/wp-json\/wp\/v2\/pages\/24","targetHints":{"allow":["GET"]}}],"collection":[{"href":"http:\/\/dolinaraby.pl\/1\/wp-json\/wp\/v2\/pages"}],"about":[{"href":"http:\/\/dolinaraby.pl\/1\/wp-json\/wp\/v2\/types\/page"}],"author":[{"embeddable":true,"href":"http:\/\/dolinaraby.pl\/1\/wp-json\/wp\/v2\/users\/1"}],"replies":[{"embeddable":true,"href":"http:\/\/dolinaraby.pl\/1\/wp-json\/wp\/v2\/comments?post=24"}],"version-history":[{"count":28,"href":"http:\/\/dolinaraby.pl\/1\/wp-json\/wp\/v2\/pages\/24\/revisions"}],"predecessor-version":[{"id":14518,"href":"http:\/\/dolinaraby.pl\/1\/wp-json\/wp\/v2\/pages\/24\/revisions\/14518"}],"wp:attachment":[{"href":"http:\/\/dolinaraby.pl\/1\/wp-json\/wp\/v2\/media?parent=24"}],"curies":[{"name":"wp","href":"https:\/\/api.w.org\/{rel}","templated":true}]}}