{"id":44,"date":"2012-12-01T12:40:13","date_gmt":"2012-12-01T11:40:13","guid":{"rendered":"http:\/\/dolinaraby.pl\/nowa_strona\/?page_id=44"},"modified":"2024-12-11T15:39:06","modified_gmt":"2024-12-11T14:39:06","slug":"regulaminy","status":"publish","type":"page","link":"http:\/\/dolinaraby.pl\/1\/regulaminy\/","title":{"rendered":"REGULAMINY W\u0141ADZ"},"content":{"rendered":"\n<h2 class=\"wp-block-heading\"><mark style=\"background-color:rgba(0, 0, 0, 0)\" class=\"has-inline-color has-vivid-cyan-blue-color\">REGULAMINY W\u0141ADZ LGD<\/mark><\/h2>\n\n\n\n<p>W zak\u0142adce tej znajduj\u0105 si\u0119 najwa\u017cniejsze poza statutem dokumenty reguluj\u0105ce funkcjonowanie organ\u00f3w Stowarzyszenia Lokalna Grupa Dzia\u0142ania &#8222;Dolina Raby&#8221;,<\/p>\n\n\n\n<div class=\"wp-block-file\"><a id=\"wp-block-file--media-ab4912f9-3efc-4c0f-b031-d48ead1c8ae8\" href=\"http:\/\/dolinaraby.pl\/1\/wp-content\/uploads\/2024\/05\/Regulamin-Obrad-Walnego-Zebrania-Czlonkow.pdf\"><mark style=\"background-color:rgba(0, 0, 0, 0);color:#4da638\" class=\"has-inline-color\">Regulamin Obrad walnego Zebrania Cz\u0142onk\u00f3w<\/mark><\/a><a href=\"http:\/\/dolinaraby.pl\/1\/wp-content\/uploads\/2024\/05\/Regulamin-Obrad-Walnego-Zebrania-Czlonkow.pdf\" class=\"wp-block-file__button wp-element-button\" download aria-describedby=\"wp-block-file--media-ab4912f9-3efc-4c0f-b031-d48ead1c8ae8\">Pobierz<\/a><\/div>\n\n\n\n<div style=\"height:17px\" aria-hidden=\"true\" class=\"wp-block-spacer\"><\/div>\n\n\n\n<div class=\"wp-block-file\"><a id=\"wp-block-file--media-8262edb0-1d32-4871-9294-ce475d626e18\" href=\"http:\/\/dolinaraby.pl\/1\/wp-content\/uploads\/2024\/05\/Regulamin-Zarzadu.pdf\"><mark style=\"background-color:rgba(0, 0, 0, 0);color:#4da638\" class=\"has-inline-color\">Regulamin Zarz\u0105du<\/mark><\/a><a href=\"http:\/\/dolinaraby.pl\/1\/wp-content\/uploads\/2024\/05\/Regulamin-Zarzadu.pdf\" class=\"wp-block-file__button wp-element-button\" download aria-describedby=\"wp-block-file--media-8262edb0-1d32-4871-9294-ce475d626e18\">Pobierz<\/a><\/div>\n\n\n\n<div style=\"height:17px\" aria-hidden=\"true\" class=\"wp-block-spacer\"><\/div>\n\n\n\n<div class=\"wp-block-file\"><a id=\"wp-block-file--media-ecf24b2b-da51-4270-a9af-31e9487753c8\" href=\"http:\/\/dolinaraby.pl\/1\/wp-content\/uploads\/2024\/05\/Regulamin-Pracy-Komisji-Rewizyjnej.pdf\"><mark style=\"background-color:rgba(0, 0, 0, 0);color:#4da638\" class=\"has-inline-color\">Regulamin Prac Komisji Rewizyjnej<\/mark><\/a><a href=\"http:\/\/dolinaraby.pl\/1\/wp-content\/uploads\/2024\/05\/Regulamin-Pracy-Komisji-Rewizyjnej.pdf\" class=\"wp-block-file__button wp-element-button\" download aria-describedby=\"wp-block-file--media-ecf24b2b-da51-4270-a9af-31e9487753c8\">Pobierz<\/a><\/div>\n\n\n\n<div style=\"height:10px\" aria-hidden=\"true\" class=\"wp-block-spacer\"><\/div>\n\n\n\n<div class=\"wp-block-file\"><a id=\"wp-block-file--media-f21231aa-9641-455b-9b0c-9b3657342080\" href=\"http:\/\/dolinaraby.pl\/1\/wp-content\/uploads\/2024\/12\/Regulamin-Rady-03.12.2024-2.pdf\">Regulamin Rady 03.12.2024<\/a><a href=\"http:\/\/dolinaraby.pl\/1\/wp-content\/uploads\/2024\/12\/Regulamin-Rady-03.12.2024-2.pdf\" class=\"wp-block-file__button wp-element-button\" download aria-describedby=\"wp-block-file--media-f21231aa-9641-455b-9b0c-9b3657342080\">Pobierz<\/a><\/div>\n\n\n\n<div style=\"height:15px\" aria-hidden=\"true\" class=\"wp-block-spacer\"><\/div>\n\n\n\n<div class=\"wp-block-file\"><a id=\"wp-block-file--media-74f39309-2479-4950-8451-50d3f15e12e5\" href=\"http:\/\/dolinaraby.pl\/1\/wp-content\/uploads\/2024\/05\/DEKLARACJA-BEZSTRONNOSCI-i-POUFNOSCI.pdf\"><mark style=\"background-color:rgba(0, 0, 0, 0);color:#4da638\" class=\"has-inline-color\">Deklaracja bezstronno\u015bci i poufno\u015bci<\/mark><\/a><a href=\"http:\/\/dolinaraby.pl\/1\/wp-content\/uploads\/2024\/05\/DEKLARACJA-BEZSTRONNOSCI-i-POUFNOSCI.pdf\" class=\"wp-block-file__button wp-element-button\" download aria-describedby=\"wp-block-file--media-74f39309-2479-4950-8451-50d3f15e12e5\">Pobierz<\/a><\/div>\n\n\n\n<div style=\"height:40px\" aria-hidden=\"true\" class=\"wp-block-spacer\"><\/div>\n\n\n\n<p><\/p>\n","protected":false},"excerpt":{"rendered":"<p>REGULAMINY W\u0141ADZ LGD W zak\u0142adce tej znajduj\u0105 si\u0119 najwa\u017cniejsze poza statutem dokumenty reguluj\u0105ce funkcjonowanie organ\u00f3w Stowarzyszenia Lokalna Grupa Dzia\u0142ania &#8222;Dolina Raby&#8221;,<\/p>\n","protected":false},"author":1,"featured_media":0,"parent":0,"menu_order":0,"comment_status":"closed","ping_status":"closed","template":"","meta":{"_monsterinsights_skip_tracking":false,"_monsterinsights_sitenote_active":false,"_monsterinsights_sitenote_note":"","_monsterinsights_sitenote_category":0,"_lmt_disableupdate":"","_lmt_disable":"","ngg_post_thumbnail":0,"footnotes":""},"class_list":["post-44","page","type-page","status-publish","hentry"],"_links":{"self":[{"href":"http:\/\/dolinaraby.pl\/1\/wp-json\/wp\/v2\/pages\/44","targetHints":{"allow":["GET"]}}],"collection":[{"href":"http:\/\/dolinaraby.pl\/1\/wp-json\/wp\/v2\/pages"}],"about":[{"href":"http:\/\/dolinaraby.pl\/1\/wp-json\/wp\/v2\/types\/page"}],"author":[{"embeddable":true,"href":"http:\/\/dolinaraby.pl\/1\/wp-json\/wp\/v2\/users\/1"}],"replies":[{"embeddable":true,"href":"http:\/\/dolinaraby.pl\/1\/wp-json\/wp\/v2\/comments?post=44"}],"version-history":[{"count":25,"href":"http:\/\/dolinaraby.pl\/1\/wp-json\/wp\/v2\/pages\/44\/revisions"}],"predecessor-version":[{"id":14693,"href":"http:\/\/dolinaraby.pl\/1\/wp-json\/wp\/v2\/pages\/44\/revisions\/14693"}],"wp:attachment":[{"href":"http:\/\/dolinaraby.pl\/1\/wp-json\/wp\/v2\/media?parent=44"}],"curies":[{"name":"wp","href":"https:\/\/api.w.org\/{rel}","templated":true}]}}