{"id":56,"date":"2012-12-01T12:41:11","date_gmt":"2012-12-01T11:41:11","guid":{"rendered":"http:\/\/dolinaraby.pl\/nowa_strona\/?page_id=56"},"modified":"2024-12-09T09:54:50","modified_gmt":"2024-12-09T08:54:50","slug":"czlonkowie","status":"publish","type":"page","link":"http:\/\/dolinaraby.pl\/1\/czlonkowie\/","title":{"rendered":"CZ\u0141ONKOSTWO W LGD"},"content":{"rendered":"\n<h2 class=\"wp-block-heading\"><mark style=\"background-color:rgba(0, 0, 0, 0)\" class=\"has-inline-color has-vivid-cyan-blue-color\">CZ\u0141ONKOSTWO W LGD<\/mark><mark style=\"background-color:rgba(0, 0, 0, 0)\" class=\"has-inline-color has-vivid-cyan-blue-color\"><\/mark><\/h2>\n\n\n\n<p>LGD jest partnerstwem tr\u00f3jsektorowym, skupiaj\u0105cym osoby fizyczne i prawne reprezentuj\u0105ce trzy sektory publiczny, gospodarczy i spo\u0142eczny. Aktualnie Stowarzyszenie Lokalna Grupa Dzia\u0142ania &#8222;Dolina Raby&#8221; skupia 85 cz\u0142onk\u00f3w zwyczajnych. <\/p>\n\n\n\n<div class=\"wp-block-file\"><a id=\"wp-block-file--media-89be1ae1-062e-4ded-9fab-0b08953880b8\" href=\"http:\/\/dolinaraby.pl\/1\/wp-content\/uploads\/2024\/12\/Lista-czlonkow-stan-na-03.12.2024r.pdf\">Lista cz\u0142onk\u00f3w stan na 03.12.2024r.<\/a><a href=\"http:\/\/dolinaraby.pl\/1\/wp-content\/uploads\/2024\/12\/Lista-czlonkow-stan-na-03.12.2024r.pdf\" class=\"wp-block-file__button wp-element-button\" download aria-describedby=\"wp-block-file--media-89be1ae1-062e-4ded-9fab-0b08953880b8\">Pobierz<\/a><\/div>\n\n\n\n<div style=\"height:24px\" aria-hidden=\"true\" class=\"wp-block-spacer\"><\/div>\n\n\n\n<p><strong><mark style=\"background-color:rgba(0, 0, 0, 0)\" class=\"has-inline-color has-black-color\">WARUNKI BYCIA CZ\u0141ONKIEM<\/mark> LGD<\/strong><\/p>\n\n\n\n<p class=\"has-text-align-center\"><\/p>\n\n\n\n<p><strong>Pe\u0142noletnia osoba fizyczna, kt\u00f3ra spe\u0142nia \u0142\u0105cznie nast\u0119puj\u0105ce warunki:<\/strong><\/p>\n\n\n\n<div class=\"wp-block-group\"><div class=\"wp-block-group__inner-container is-layout-constrained wp-block-group-is-layout-constrained\">\n<div class=\"wp-block-columns is-layout-flex wp-container-core-columns-is-layout-9d6595d7 wp-block-columns-is-layout-flex\">\n<div class=\"wp-block-column is-layout-flow wp-block-column-is-layout-flow\">\n<p><\/p>\n\n\n\n<ul class=\"wp-block-list\">\n<li>spe\u0142nia warunki okre\u015blone w ustawie Prawo o stowarzyszeniach<\/li>\n\n\n\n<li>wyra\u017ca wol\u0119 sta\u0142ej wsp\u00f3\u0142pracy z LGD<\/li>\n\n\n\n<li>posiada pe\u0142n\u0105 zdolno\u015b\u0107 do czynno\u015bci prawnych<\/li>\n\n\n\n<li>z\u0142o\u017cy deklaracj\u0119 cz\u0142onkowsk\u0105<\/li>\n<\/ul>\n<\/div>\n<\/div>\n<\/div><\/div>\n\n\n\n<p><strong>Osoba prawna, w tym jednostka samorz\u0105du terytorialnego, kt\u00f3ra przedstawi uchwa\u0142\u0119 lub decyzj\u0119 organu stanowi\u0105cego, zawieraj\u0105c\u0105:<\/strong><\/p>\n\n\n\n<ul class=\"wp-block-list\">\n<li>deklaracj\u0119 przyst\u0105pienia do LGD<\/li>\n\n\n\n<li>wskazanie osoby fizycznej reprezentuj\u0105cej osob\u0119 prawn\u0105 w LGD lub osob\u0119 upowa\u017cnion\u0105 do wykonania uchwa\u0142y lub decyzji<\/li>\n\n\n\n<li>cz\u0142onkiem wspieraj\u0105cym mo\u017ce by\u0107 ka\u017cda osoba fizyczna lub prawna wyra\u017caj\u0105ca wol\u0119 sta\u0142ej wsp\u00f3\u0142pracy z LGD na rzecz rozwoju obszar\u00f3w wiejskich<\/li>\n<\/ul>\n\n\n\n<p class=\"has-text-align-left\"><strong>Nabycie i stwierdzenie utraty cz\u0142onkostwa w LGD nast\u0119puje na podstawie uchwa\u0142y Zarz\u0105du<\/strong><\/p>\n\n\n\n<div style=\"height:23px\" aria-hidden=\"true\" class=\"wp-block-spacer\"><\/div>\n\n\n\n<p><strong>Wz\u00f3r deklaracji cz\u0142onkowskiej (wsp\u00f3lna dla os\u00f3b fizycznych i prawnych)<\/strong><\/p>\n\n\n\n<div class=\"wp-block-group\"><div class=\"wp-block-group__inner-container is-layout-constrained wp-block-group-is-layout-constrained\">\n<div class=\"wp-block-columns is-layout-flex wp-container-core-columns-is-layout-9d6595d7 wp-block-columns-is-layout-flex\">\n<div class=\"wp-block-column is-layout-flow wp-block-column-is-layout-flow\">\n<div class=\"wp-block-file\"><a id=\"wp-block-file--media-1c8ecfff-80c6-4383-82e5-2aeba9ef4748\" href=\"http:\/\/dolinaraby.pl\/1\/wp-content\/uploads\/2024\/05\/Deklaracja-przystapienia-do-LGD_czysty-wzor1.pdf\"><mark style=\"background-color:rgba(0, 0, 0, 0);color:#4da638\" class=\"has-inline-color\">Deklaracja cz\u0142onkowska _pdf<\/mark><\/a><a href=\"http:\/\/dolinaraby.pl\/1\/wp-content\/uploads\/2024\/05\/Deklaracja-przystapienia-do-LGD_czysty-wzor1.pdf\" class=\"wp-block-file__button wp-element-button\" download aria-describedby=\"wp-block-file--media-1c8ecfff-80c6-4383-82e5-2aeba9ef4748\">Pobierz<\/a><\/div>\n<\/div>\n\n\n\n<div class=\"wp-block-column is-layout-flow wp-block-column-is-layout-flow\">\n<div class=\"wp-block-file\"><a id=\"wp-block-file--media-c55e5d59-6586-4d45-bd75-f02f0cc36d4c\" href=\"http:\/\/dolinaraby.pl\/1\/wp-content\/uploads\/2024\/05\/Deklaracja-przystapienia-do-LGD_czysty-wzor1.doc\"><mark style=\"background-color:rgba(0, 0, 0, 0);color:#4da638\" class=\"has-inline-color\">Deklaracja cz\u0142onkowska _word<\/mark><\/a><a href=\"http:\/\/dolinaraby.pl\/1\/wp-content\/uploads\/2024\/05\/Deklaracja-przystapienia-do-LGD_czysty-wzor1.doc\" class=\"wp-block-file__button wp-element-button\" download aria-describedby=\"wp-block-file--media-c55e5d59-6586-4d45-bd75-f02f0cc36d4c\">Pobierz<\/a><\/div>\n<\/div>\n<\/div>\n<\/div><\/div>\n\n\n\n<div style=\"height:19px\" aria-hidden=\"true\" class=\"wp-block-spacer\"><\/div>\n\n\n\n<p><strong>Wz\u00f3r uchwa\u0142y o przyst\u0105pieniu do LGD (tylko dla os\u00f3b prawnych)<\/strong><\/p>\n\n\n\n<div class=\"wp-block-columns is-layout-flex wp-container-core-columns-is-layout-9d6595d7 wp-block-columns-is-layout-flex\">\n<div class=\"wp-block-column is-layout-flow wp-block-column-is-layout-flow\">\n<div class=\"wp-block-file\"><a id=\"wp-block-file--media-c8517c67-ad75-49e1-9872-3353f6855cda\" href=\"http:\/\/dolinaraby.pl\/1\/wp-content\/uploads\/2024\/05\/Uchwala-o-przystapieniu-do-LGD_czysty-wzor2.pdf\"><mark style=\"background-color:rgba(0, 0, 0, 0);color:#4da638\" class=\"has-inline-color\">Uchwala o przyst\u0105pieniu do LGD_pdf<\/mark><\/a><a href=\"http:\/\/dolinaraby.pl\/1\/wp-content\/uploads\/2024\/05\/Uchwala-o-przystapieniu-do-LGD_czysty-wzor2.pdf\" class=\"wp-block-file__button wp-element-button\" download aria-describedby=\"wp-block-file--media-c8517c67-ad75-49e1-9872-3353f6855cda\">Pobierz<\/a><\/div>\n<\/div>\n\n\n\n<div class=\"wp-block-column is-layout-flow wp-block-column-is-layout-flow\">\n<div class=\"wp-block-file\"><a id=\"wp-block-file--media-c3cf968f-51e8-4eb5-8b97-6cf043af55ab\" href=\"http:\/\/dolinaraby.pl\/1\/wp-content\/uploads\/2024\/05\/Uchwala-o-przystapieniu-do-LGD_czysty-wzor2.doc\"><mark style=\"background-color:rgba(0, 0, 0, 0);color:#4da638\" class=\"has-inline-color\">Uchwa\u0142a o przyst\u0105pieniu do LGD_word<\/mark><\/a><a href=\"http:\/\/dolinaraby.pl\/1\/wp-content\/uploads\/2024\/05\/Uchwala-o-przystapieniu-do-LGD_czysty-wzor2.doc\" class=\"wp-block-file__button wp-element-button\" download aria-describedby=\"wp-block-file--media-c3cf968f-51e8-4eb5-8b97-6cf043af55ab\">Pobierz<\/a><\/div>\n<\/div>\n<\/div>\n\n\n\n<div style=\"height:62px\" aria-hidden=\"true\" class=\"wp-block-spacer\"><\/div>\n\n\n\n<p><\/p>\n","protected":false},"excerpt":{"rendered":"<p>CZ\u0141ONKOSTWO W LGD LGD jest partnerstwem tr\u00f3jsektorowym, skupiaj\u0105cym osoby fizyczne i prawne reprezentuj\u0105ce trzy sektory publiczny, gospodarczy i spo\u0142eczny. Aktualnie Stowarzyszenie Lokalna Grupa Dzia\u0142ania &#8222;Dolina&hellip;<\/p>\n","protected":false},"author":1,"featured_media":0,"parent":0,"menu_order":0,"comment_status":"closed","ping_status":"closed","template":"","meta":{"_monsterinsights_skip_tracking":false,"_monsterinsights_sitenote_active":false,"_monsterinsights_sitenote_note":"","_monsterinsights_sitenote_category":0,"_lmt_disableupdate":"","_lmt_disable":"","ngg_post_thumbnail":0,"footnotes":""},"class_list":["post-56","page","type-page","status-publish","hentry"],"_links":{"self":[{"href":"http:\/\/dolinaraby.pl\/1\/wp-json\/wp\/v2\/pages\/56","targetHints":{"allow":["GET"]}}],"collection":[{"href":"http:\/\/dolinaraby.pl\/1\/wp-json\/wp\/v2\/pages"}],"about":[{"href":"http:\/\/dolinaraby.pl\/1\/wp-json\/wp\/v2\/types\/page"}],"author":[{"embeddable":true,"href":"http:\/\/dolinaraby.pl\/1\/wp-json\/wp\/v2\/users\/1"}],"replies":[{"embeddable":true,"href":"http:\/\/dolinaraby.pl\/1\/wp-json\/wp\/v2\/comments?post=56"}],"version-history":[{"count":35,"href":"http:\/\/dolinaraby.pl\/1\/wp-json\/wp\/v2\/pages\/56\/revisions"}],"predecessor-version":[{"id":14618,"href":"http:\/\/dolinaraby.pl\/1\/wp-json\/wp\/v2\/pages\/56\/revisions\/14618"}],"wp:attachment":[{"href":"http:\/\/dolinaraby.pl\/1\/wp-json\/wp\/v2\/media?parent=56"}],"curies":[{"name":"wp","href":"https:\/\/api.w.org\/{rel}","templated":true}]}}