{"id":8505,"date":"2018-07-13T08:49:07","date_gmt":"2018-07-13T06:49:07","guid":{"rendered":"http:\/\/dolinaraby.pl\/?page_id=8505"},"modified":"2024-10-01T14:11:17","modified_gmt":"2024-10-01T12:11:17","slug":"umowa-ramowa","status":"publish","type":"page","link":"http:\/\/dolinaraby.pl\/1\/umowa-ramowa\/","title":{"rendered":"Umowa ramowa"},"content":{"rendered":"\n<h2 class=\"wp-block-heading\"><mark style=\"background-color:rgba(0, 0, 0, 0)\" class=\"has-inline-color has-vivid-cyan-blue-color\">UMOWA RAMOWA <\/mark><\/h2>\n\n\n\n<p>W dniu 11 stycznia 2024r. w Krakowie, Stowarzyszenie Lokalna Grupa Dzia\u0142ania &#8222;Dolina Raby&#8221; podpisa\u0142a UMOW\u0118 O WARUNKACH I SPOSOBIE REALIZACJI STRATEGII ROZWOJU LOKALNEGO KIEROWANEGO PRZEZ SPO\u0141ECZNO\u015a\u0106  <mark style=\"background-color:rgba(0, 0, 0, 0)\" class=\"has-inline-color has-black-color\">NR 00008.UM06.6572.20009.2023<\/mark> z Zarz\u0105dem Wojew\u00f3dztwa. Niniejsza umowa okre\u015bla m.in. wysoko\u015b\u0107 \u015brodk\u00f3w finansowych dost\u0119pnych przez Stowarzyszenie LGD &#8222;Dolina Raby&#8221; na wsparcie realizacji LSR. <\/p>\n\n\n\n<div style=\"height:16px\" aria-hidden=\"true\" class=\"wp-block-spacer\"><\/div>\n\n\n\n<div class=\"wp-block-file\"><a id=\"wp-block-file--media-70ef34d5-839b-4d27-85c5-76d297aef16d\" href=\"http:\/\/dolinaraby.pl\/1\/wp-content\/uploads\/2024\/01\/Umowa-Ramowa-RLKS-2023-2027.pdf\"><mark style=\"background-color:rgba(0, 0, 0, 0);color:#4da638\" class=\"has-inline-color\">Umowa Ramowa z dnia 11.01.2024<\/mark><\/a><a href=\"http:\/\/dolinaraby.pl\/1\/wp-content\/uploads\/2024\/01\/Umowa-Ramowa-RLKS-2023-2027.pdf\" class=\"wp-block-file__button wp-element-button\" download aria-describedby=\"wp-block-file--media-70ef34d5-839b-4d27-85c5-76d297aef16d\">Pobierz<\/a><\/div>\n\n\n\n<div style=\"height:20px\" aria-hidden=\"true\" class=\"wp-block-spacer\"><\/div>\n\n\n\n<div class=\"wp-block-file\"><a id=\"wp-block-file--media-9b6fc609-c4cf-4282-96b0-2f5e1ad8490e\" href=\"http:\/\/dolinaraby.pl\/1\/wp-content\/uploads\/2024\/03\/Aneks-nr-1-do-umowy-o-warunkach-i-sposobie-realizacji-strategii-rozwoju-lokalnego-kierowanego-przez-spolecznosc-zawarty-w-dniu-01.03.2024r-2.pdf\"><mark style=\"background-color:rgba(0, 0, 0, 0);color:#4da638\" class=\"has-inline-color\">Aneks nr 1 z dnia 01.03.2024<\/mark><\/a><a href=\"http:\/\/dolinaraby.pl\/1\/wp-content\/uploads\/2024\/03\/Aneks-nr-1-do-umowy-o-warunkach-i-sposobie-realizacji-strategii-rozwoju-lokalnego-kierowanego-przez-spolecznosc-zawarty-w-dniu-01.03.2024r-2.pdf\" class=\"wp-block-file__button wp-element-button\" download aria-describedby=\"wp-block-file--media-9b6fc609-c4cf-4282-96b0-2f5e1ad8490e\">Pobierz<\/a><\/div>\n\n\n\n<div style=\"height:23px\" aria-hidden=\"true\" class=\"wp-block-spacer\"><\/div>\n\n\n\n<div class=\"wp-block-file\"><a id=\"wp-block-file--media-f1a50724-6f2d-4592-9654-467ea3810492\" href=\"http:\/\/dolinaraby.pl\/1\/wp-content\/uploads\/2024\/04\/Aneks-nr-2-do-umowy-i-warunkach-i-sposobie-realizacji-strategii-warunkow-rozwoju-lokalnego-kierowanego-przez-spolecznosc-zawartyu-w-dniu-10.04.2024.pdf\"><mark style=\"background-color:rgba(0, 0, 0, 0);color:#4da638\" class=\"has-inline-color\">Aneks nr 2 z dnia 10.04<\/mark>.2024<\/a><a href=\"http:\/\/dolinaraby.pl\/1\/wp-content\/uploads\/2024\/04\/Aneks-nr-2-do-umowy-i-warunkach-i-sposobie-realizacji-strategii-warunkow-rozwoju-lokalnego-kierowanego-przez-spolecznosc-zawartyu-w-dniu-10.04.2024.pdf\" class=\"wp-block-file__button wp-element-button\" download aria-describedby=\"wp-block-file--media-f1a50724-6f2d-4592-9654-467ea3810492\">Pobierz<\/a><\/div>\n\n\n\n<div style=\"height:47px\" aria-hidden=\"true\" class=\"wp-block-spacer\"><\/div>\n","protected":false},"excerpt":{"rendered":"<p>UMOWA RAMOWA W dniu 11 stycznia 2024r. w Krakowie, Stowarzyszenie Lokalna Grupa Dzia\u0142ania &#8222;Dolina Raby&#8221; podpisa\u0142a UMOW\u0118 O WARUNKACH I SPOSOBIE REALIZACJI STRATEGII ROZWOJU LOKALNEGO&hellip;<\/p>\n","protected":false},"author":1,"featured_media":0,"parent":0,"menu_order":0,"comment_status":"closed","ping_status":"closed","template":"","meta":{"_monsterinsights_skip_tracking":false,"_monsterinsights_sitenote_active":false,"_monsterinsights_sitenote_note":"","_monsterinsights_sitenote_category":0,"_lmt_disableupdate":"","_lmt_disable":"","ngg_post_thumbnail":0,"footnotes":""},"class_list":["post-8505","page","type-page","status-publish","hentry"],"_links":{"self":[{"href":"http:\/\/dolinaraby.pl\/1\/wp-json\/wp\/v2\/pages\/8505","targetHints":{"allow":["GET"]}}],"collection":[{"href":"http:\/\/dolinaraby.pl\/1\/wp-json\/wp\/v2\/pages"}],"about":[{"href":"http:\/\/dolinaraby.pl\/1\/wp-json\/wp\/v2\/types\/page"}],"author":[{"embeddable":true,"href":"http:\/\/dolinaraby.pl\/1\/wp-json\/wp\/v2\/users\/1"}],"replies":[{"embeddable":true,"href":"http:\/\/dolinaraby.pl\/1\/wp-json\/wp\/v2\/comments?post=8505"}],"version-history":[{"count":28,"href":"http:\/\/dolinaraby.pl\/1\/wp-json\/wp\/v2\/pages\/8505\/revisions"}],"predecessor-version":[{"id":14509,"href":"http:\/\/dolinaraby.pl\/1\/wp-json\/wp\/v2\/pages\/8505\/revisions\/14509"}],"wp:attachment":[{"href":"http:\/\/dolinaraby.pl\/1\/wp-json\/wp\/v2\/media?parent=8505"}],"curies":[{"name":"wp","href":"https:\/\/api.w.org\/{rel}","templated":true}]}}