{"id":8558,"date":"2018-07-16T12:35:37","date_gmt":"2018-07-16T10:35:37","guid":{"rendered":"http:\/\/dolinaraby.pl\/?page_id=8558"},"modified":"2024-09-30T11:32:13","modified_gmt":"2024-09-30T09:32:13","slug":"lokalne-kryteria-wyboru-projektow","status":"publish","type":"page","link":"http:\/\/dolinaraby.pl\/1\/lokalne-kryteria-wyboru-projektow\/","title":{"rendered":"Lokalne kryteria wyboru projekt\u00f3w"},"content":{"rendered":"\n<h2 class=\"wp-block-heading\"><mark style=\"background-color:rgba(0, 0, 0, 0)\" class=\"has-inline-color has-vivid-cyan-blue-color\">LOKALNE KRYTERIA WYBORU<\/mark><\/h2>\n\n\n\n<div class=\"wp-block-file\"><a id=\"wp-block-file--media-57bed6cc-1899-4ad8-a3c5-464ab23caa31\" href=\"http:\/\/dolinaraby.pl\/1\/wp-content\/uploads\/2024\/09\/Kryteria-grasnty_29.04.2024-kolor.pdf\"><mark style=\"background-color:rgba(0, 0, 0, 0);color:#4da638\" class=\"has-inline-color\">Lokalne kryteria wyboru grantobiorc\u00f3w_29.04.2024 kolor<\/mark><\/a><a href=\"http:\/\/dolinaraby.pl\/1\/wp-content\/uploads\/2024\/09\/Kryteria-grasnty_29.04.2024-kolor.pdf\" class=\"wp-block-file__button wp-element-button\" download aria-describedby=\"wp-block-file--media-57bed6cc-1899-4ad8-a3c5-464ab23caa31\">Pobierz<\/a><\/div>\n\n\n\n<div style=\"height:9px\" aria-hidden=\"true\" class=\"wp-block-spacer\"><\/div>\n\n\n\n<p>Lokalne kryteria wyboru operacji &#8211; w przygotowaniu &#8230;<\/p>\n\n\n\n<div style=\"height:26px\" aria-hidden=\"true\" class=\"wp-block-spacer\"><\/div>\n\n\n\n<p><strong>Procedura ustalenia niebudz\u0105cych w\u0105tpliwo\u015bci interpretacyjnych kryteri\u00f3w wyboru operacji oraz grantobiorc\u00f3w<\/strong><\/p>\n\n\n\n<div class=\"wp-block-file\"><a id=\"wp-block-file--media-ea87a80f-8f6d-444d-b078-677f4cbbc189\" href=\"http:\/\/dolinaraby.pl\/1\/wp-content\/uploads\/2024\/09\/Procedura-kryteria-_29.04.2024-kolor.pdf\"><mark style=\"background-color:rgba(0, 0, 0, 0);color:#4da638\" class=\"has-inline-color\">Procedura ustalenia kryteri\u00f3w_29.04.2024r.<\/mark><\/a><a href=\"http:\/\/dolinaraby.pl\/1\/wp-content\/uploads\/2024\/09\/Procedura-kryteria-_29.04.2024-kolor.pdf\" class=\"wp-block-file__button wp-element-button\" download aria-describedby=\"wp-block-file--media-ea87a80f-8f6d-444d-b078-677f4cbbc189\">Pobierz<\/a><\/div>\n\n\n\n<p><\/p>\n","protected":false},"excerpt":{"rendered":"<p>LOKALNE KRYTERIA WYBORU Lokalne kryteria wyboru operacji &#8211; w przygotowaniu &#8230; Procedura ustalenia niebudz\u0105cych w\u0105tpliwo\u015bci interpretacyjnych kryteri\u00f3w wyboru operacji oraz grantobiorc\u00f3w<\/p>\n","protected":false},"author":1,"featured_media":0,"parent":0,"menu_order":0,"comment_status":"closed","ping_status":"closed","template":"","meta":{"_monsterinsights_skip_tracking":false,"_monsterinsights_sitenote_active":false,"_monsterinsights_sitenote_note":"","_monsterinsights_sitenote_category":0,"_lmt_disableupdate":"","_lmt_disable":"","ngg_post_thumbnail":0,"footnotes":""},"class_list":["post-8558","page","type-page","status-publish","hentry"],"_links":{"self":[{"href":"http:\/\/dolinaraby.pl\/1\/wp-json\/wp\/v2\/pages\/8558","targetHints":{"allow":["GET"]}}],"collection":[{"href":"http:\/\/dolinaraby.pl\/1\/wp-json\/wp\/v2\/pages"}],"about":[{"href":"http:\/\/dolinaraby.pl\/1\/wp-json\/wp\/v2\/types\/page"}],"author":[{"embeddable":true,"href":"http:\/\/dolinaraby.pl\/1\/wp-json\/wp\/v2\/users\/1"}],"replies":[{"embeddable":true,"href":"http:\/\/dolinaraby.pl\/1\/wp-json\/wp\/v2\/comments?post=8558"}],"version-history":[{"count":15,"href":"http:\/\/dolinaraby.pl\/1\/wp-json\/wp\/v2\/pages\/8558\/revisions"}],"predecessor-version":[{"id":14402,"href":"http:\/\/dolinaraby.pl\/1\/wp-json\/wp\/v2\/pages\/8558\/revisions\/14402"}],"wp:attachment":[{"href":"http:\/\/dolinaraby.pl\/1\/wp-json\/wp\/v2\/media?parent=8558"}],"curies":[{"name":"wp","href":"https:\/\/api.w.org\/{rel}","templated":true}]}}