{"id":10271,"date":"2020-09-07T19:27:48","date_gmt":"2020-09-07T17:27:48","guid":{"rendered":"http:\/\/dolinaraby.pl\/?page_id=10271"},"modified":"2020-09-18T15:33:31","modified_gmt":"2020-09-18T13:33:31","slug":"ankiety-2","status":"publish","type":"page","link":"http:\/\/dolinaraby.pl\/klon2024\/ankiety-2\/","title":{"rendered":"Ankiety"},"content":{"rendered":"<p><strong>ANKIETY:<\/strong><\/p>\n<p><strong>Ankieta oceniaj\u0105ca poziom doradztwa (dla os\u00f3b korzystaj\u0105cych z doradztwa)<\/strong><\/p>\n<p><a href=\"https:\/\/www.profitest.pl\/s\/11088\/JRko6KuobpVx9YJB\">Ankieta oceniaj\u0105ca poziom doradztwa<\/a><\/p>\n<p><strong>Ankieta monitoruj\u0105ca (dla Wnioskodawc\u00f3w)<\/strong><\/p>\n<p><a href=\"http:\/\/dolinaraby.pl\/wp-content\/uploads\/2019\/07\/ANKIETA-MONITORUJ\u0104CA.doc\">ANKIETA MONITORUJ\u0104CA<\/a><\/p>\n<p><strong>Ankieta ewaluacyjna (dla Mieszka\u0144c\u00f3w)<\/strong><\/p>\n<p><a href=\"https:\/\/www.profitest.pl\/s\/15056\/P4xikwV7\">Ankieta ewaluacyjna<\/a><\/p>\n","protected":false},"excerpt":{"rendered":"<p>ANKIETY: Ankieta oceniaj\u0105ca poziom doradztwa (dla os\u00f3b korzystaj\u0105cych z doradztwa) Ankieta oceniaj\u0105ca poziom doradztwa Ankieta monitoruj\u0105ca (dla Wnioskodawc\u00f3w) ANKIETA MONITORUJ\u0104CA Ankieta ewaluacyjna (dla Mieszka\u0144c\u00f3w) Ankieta&hellip;<\/p>\n","protected":false},"author":1,"featured_media":0,"parent":0,"menu_order":0,"comment_status":"closed","ping_status":"closed","template":"","meta":{"_monsterinsights_skip_tracking":false,"_monsterinsights_sitenote_active":false,"_monsterinsights_sitenote_note":"","_monsterinsights_sitenote_category":0,"ngg_post_thumbnail":0,"footnotes":""},"class_list":["post-10271","page","type-page","status-publish","hentry"],"_links":{"self":[{"href":"http:\/\/dolinaraby.pl\/klon2024\/wp-json\/wp\/v2\/pages\/10271","targetHints":{"allow":["GET"]}}],"collection":[{"href":"http:\/\/dolinaraby.pl\/klon2024\/wp-json\/wp\/v2\/pages"}],"about":[{"href":"http:\/\/dolinaraby.pl\/klon2024\/wp-json\/wp\/v2\/types\/page"}],"author":[{"embeddable":true,"href":"http:\/\/dolinaraby.pl\/klon2024\/wp-json\/wp\/v2\/users\/1"}],"replies":[{"embeddable":true,"href":"http:\/\/dolinaraby.pl\/klon2024\/wp-json\/wp\/v2\/comments?post=10271"}],"version-history":[{"count":2,"href":"http:\/\/dolinaraby.pl\/klon2024\/wp-json\/wp\/v2\/pages\/10271\/revisions"}],"predecessor-version":[{"id":10328,"href":"http:\/\/dolinaraby.pl\/klon2024\/wp-json\/wp\/v2\/pages\/10271\/revisions\/10328"}],"wp:attachment":[{"href":"http:\/\/dolinaraby.pl\/klon2024\/wp-json\/wp\/v2\/media?parent=10271"}],"curies":[{"name":"wp","href":"https:\/\/api.w.org\/{rel}","templated":true}]}}