{"id":13196,"date":"2023-09-11T11:40:47","date_gmt":"2023-09-11T09:40:47","guid":{"rendered":"http:\/\/dolinaraby.pl\/?page_id=13196"},"modified":"2023-10-24T15:43:14","modified_gmt":"2023-10-24T13:43:14","slug":"questy","status":"publish","type":"page","link":"http:\/\/dolinaraby.pl\/klon2024\/questy\/","title":{"rendered":"Questy"},"content":{"rendered":"\n<figure class=\"wp-block-embed is-type-video is-provider-youtube wp-block-embed-youtube wp-embed-aspect-16-9 wp-has-aspect-ratio\"><div class=\"wp-block-embed__wrapper\">\n<iframe title=\"Questy w Dolinie Raby\" width=\"1170\" height=\"658\" src=\"https:\/\/www.youtube.com\/embed\/mtgEkThhJXw?start=40&#038;feature=oembed\" frameborder=\"0\" allow=\"accelerometer; autoplay; clipboard-write; encrypted-media; gyroscope; picture-in-picture; web-share\" allowfullscreen><\/iframe>\n<\/div><figcaption class=\"wp-element-caption\">Spot promuj\u0105cy questy w Dolinie Raby<\/figcaption><\/figure>\n\n\n\n<p>LGD \u201eDolina Raby\u201d uko\u0144czy\u0142a tworzenie sieci quest\u00f3w na obszarze Doliny Raby. \u0141\u0105cznie powsta\u0142o 14 tras questowych. Realizacja przedsi\u0119wzi\u0119cia by\u0142a mo\u017cliwa dzi\u0119ki pozyskanym \u015brodkom finansowym w ramach projektu wsp\u00f3\u0142pracy siedmiu lokalnych grup dzia\u0142ania pn. \u201eSie\u0107 edukacyjnych gier terenowych i szlak\u00f3w geocachingowych\u201d. Gry opracowane zosta\u0142y metod\u0105 eksperck\u0105 przez przedstawiciela Fundacji Calamita, kt\u00f3ra specjalizuje si\u0119 w tworzeniu quest\u00f3w.&nbsp; Kompleksowo opracowane questy o tematyce dopasowanej do specyfiki danego regionu dodatkowo zamieszczone zosta\u0142y w Og\u00f3lnopolskiej Aplikacji Questy \u2013 Wyprawa Odkrywc\u00f3w <a href=\"https:\/\/questy.org.pl\/\">https:\/\/questy.org.pl\/<\/a>, kt\u00f3ra zrzesza pasjonat\u00f3w tego typu podr\u00f3\u017cowania. Stworzone questy mo\u017cna podzieli\u0107 na piesze, rowerowe, historyczne, przyrodnicze, kulturowe. Projekt mia\u0142 na celu zwi\u0119kszenie atrakcyjno\u015bci i stworzenie nowego produktu turystycznego na obszarze gmin partnerskich LGD. Stworzone questy mog\u0105 by\u0107 wykorzystane zar\u00f3wno do promocji naszego obszaru w celach turystycznych, ale tak\u017ce stanowi\u0105 dobry materia\u0142 edukacyjny dla dzieci i m\u0142odzie\u017cy, w ramach zaj\u0119\u0107 zwi\u0105zanych z regionalizmem.<\/p>\n\n\n\n<p>Dodatkowo w ramach projektu przygotowane zosta\u0142y tak\u017ce materia\u0142y promocyjne m.in. gad\u017cety promocyjne, ulotki questowe oraz nagrany zosta\u0142 kr\u00f3tki spot reklamowy promuj\u0105cy stworzon\u0105 sie\u0107 quest\u00f3w na naszym obszarze.<\/p>\n\n\n\n<p>W tym miejscu podzi\u0119kowania za wsp\u00f3\u0142prac\u0119 przy realizacji tras questowych, udost\u0119pnienie zdj\u0119\u0107, materia\u0142\u00f3w merytorycznych oraz miejsc na skrytki nale\u017c\u0105 si\u0119 Urz\u0119dowi Gminy Biskupice, Centrum Kultury Gminy Biskupice, Parafii Biskupice, So\u0142ectwu Bodzan\u00f3w, Danucie Nowak &#8211; Radnej Rady Gminy Biskupice, Centrum Kultury w Gdowie, Fundacji Plenerownia z Huciska, Centrum Kultury Gminy \u0141apan\u00f3w, Szkole Podstawowej z \u0141apanowa, Gminnej Bibliotece w \u0141apanowie, Gminnej Bibliotece w Trzcianie, Centrum Kultury i Turystyki w Trzcianie, Panu Stanis\u0142awowi Pastuszak \u2013 Radnemu Gminy Trzciana, Urz\u0119dowi Gminy \u017begocina, Centrum Kultury Sportu i Turystyki w \u017begocinie, Schronisku M\u0142odzie\u017cowemu w Rozdzielu, Szkole Podstawowej w \u0141\u0105kcie G\u00f3rnej, Panu Tadeuszowi Olszewskiemu \u2013 Prezesowi Stowarzyszenia Przyjaci\u00f3\u0142 Ziemi \u017begoci\u0144skiej, Panu Janowi Marcinkowi \u2013 Prezesowi Stowarzyszenia Rozwoju Gminy i Wspierania Przedsi\u0119biorczo\u015bci w \u017begocinie, Referatowi Promocji Urz\u0119du Miasta w Nowym Wi\u015bniczu. Sk\u0142adamy podzi\u0119kowania wszystkim, kt\u00f3rzy przyczynili si\u0119 do powstania quest\u00f3w.<\/p>\n\n\n<div class=\"wp-block-image\">\n<figure class=\"aligncenter size-large\"><img fetchpriority=\"high\" decoding=\"async\" width=\"724\" height=\"1024\" src=\"http:\/\/dolinaraby.pl\/wp-content\/uploads\/2023\/10\/PLAKAT-724x1024.jpg\" alt=\"\" class=\"wp-image-13416\" srcset=\"http:\/\/dolinaraby.pl\/klon2024\/wp-content\/uploads\/2023\/10\/PLAKAT-724x1024.jpg 724w, http:\/\/dolinaraby.pl\/klon2024\/wp-content\/uploads\/2023\/10\/PLAKAT-212x300.jpg 212w, http:\/\/dolinaraby.pl\/klon2024\/wp-content\/uploads\/2023\/10\/PLAKAT-768x1086.jpg 768w, http:\/\/dolinaraby.pl\/klon2024\/wp-content\/uploads\/2023\/10\/PLAKAT-1086x1536.jpg 1086w, http:\/\/dolinaraby.pl\/klon2024\/wp-content\/uploads\/2023\/10\/PLAKAT-1170x1655.jpg 1170w, http:\/\/dolinaraby.pl\/klon2024\/wp-content\/uploads\/2023\/10\/PLAKAT-585x827.jpg 585w, http:\/\/dolinaraby.pl\/klon2024\/wp-content\/uploads\/2023\/10\/PLAKAT.jpg 1414w\" sizes=\"(max-width: 724px) 100vw, 724px\" \/><\/figure>\n<\/div>\n\n\n<h2 class=\"wp-block-heading\">Dost\u0119pne questy na naszym obszarze:<\/h2>\n\n\n\n<figure class=\"wp-block-gallery has-nested-images columns-7 is-cropped wp-block-gallery-1 is-layout-flex wp-block-gallery-is-layout-flex\">\n<figure class=\"wp-block-image size-large\"><a href=\"http:\/\/dolinaraby.pl\/wp-content\/uploads\/2023\/10\/Biskupice-wyprawa-po-dawnym-majatku-biskupow-krakowskich.png\" data-rel=\"penci-gallery-image-content\" ><img decoding=\"async\" width=\"306\" height=\"645\" data-id=\"13337\" src=\"http:\/\/dolinaraby.pl\/wp-content\/uploads\/2023\/10\/Biskupice-wyprawa-po-dawnym-majatku-biskupow-krakowskich.png\" alt=\"\" class=\"wp-image-13337\" srcset=\"http:\/\/dolinaraby.pl\/klon2024\/wp-content\/uploads\/2023\/10\/Biskupice-wyprawa-po-dawnym-majatku-biskupow-krakowskich.png 306w, http:\/\/dolinaraby.pl\/klon2024\/wp-content\/uploads\/2023\/10\/Biskupice-wyprawa-po-dawnym-majatku-biskupow-krakowskich-142x300.png 142w\" sizes=\"(max-width: 306px) 100vw, 306px\" \/><\/a><\/figure>\n\n\n\n<figure class=\"wp-block-image size-large\"><a href=\"http:\/\/dolinaraby.pl\/wp-content\/uploads\/2023\/10\/Z-Lazan-do-Jawczyc.png\" data-rel=\"penci-gallery-image-content\" ><img decoding=\"async\" width=\"306\" height=\"645\" data-id=\"13338\" src=\"http:\/\/dolinaraby.pl\/wp-content\/uploads\/2023\/10\/Z-Lazan-do-Jawczyc.png\" alt=\"\" class=\"wp-image-13338\" srcset=\"http:\/\/dolinaraby.pl\/klon2024\/wp-content\/uploads\/2023\/10\/Z-Lazan-do-Jawczyc.png 306w, http:\/\/dolinaraby.pl\/klon2024\/wp-content\/uploads\/2023\/10\/Z-Lazan-do-Jawczyc-142x300.png 142w\" sizes=\"(max-width: 306px) 100vw, 306px\" \/><\/a><\/figure>\n\n\n\n<figure class=\"wp-block-image size-large\"><a href=\"http:\/\/dolinaraby.pl\/wp-content\/uploads\/2023\/10\/historie-bodzanowa-w-kamieniu-zapisane.png\" data-rel=\"penci-gallery-image-content\" ><img loading=\"lazy\" decoding=\"async\" width=\"306\" height=\"638\" data-id=\"13339\" src=\"http:\/\/dolinaraby.pl\/wp-content\/uploads\/2023\/10\/historie-bodzanowa-w-kamieniu-zapisane.png\" alt=\"\" class=\"wp-image-13339\" srcset=\"http:\/\/dolinaraby.pl\/klon2024\/wp-content\/uploads\/2023\/10\/historie-bodzanowa-w-kamieniu-zapisane.png 306w, http:\/\/dolinaraby.pl\/klon2024\/wp-content\/uploads\/2023\/10\/historie-bodzanowa-w-kamieniu-zapisane-144x300.png 144w\" sizes=\"(max-width: 306px) 100vw, 306px\" \/><\/a><\/figure>\n\n\n\n<figure class=\"wp-block-image size-large\"><a href=\"http:\/\/dolinaraby.pl\/wp-content\/uploads\/2023\/10\/spacer-po-750-lectnim-Gdowie-z-rycerzem-zbigniewem.png\" data-rel=\"penci-gallery-image-content\" ><img loading=\"lazy\" decoding=\"async\" width=\"305\" height=\"639\" data-id=\"13340\" src=\"http:\/\/dolinaraby.pl\/wp-content\/uploads\/2023\/10\/spacer-po-750-lectnim-Gdowie-z-rycerzem-zbigniewem.png\" alt=\"\" class=\"wp-image-13340\" srcset=\"http:\/\/dolinaraby.pl\/klon2024\/wp-content\/uploads\/2023\/10\/spacer-po-750-lectnim-Gdowie-z-rycerzem-zbigniewem.png 305w, http:\/\/dolinaraby.pl\/klon2024\/wp-content\/uploads\/2023\/10\/spacer-po-750-lectnim-Gdowie-z-rycerzem-zbigniewem-143x300.png 143w\" sizes=\"(max-width: 305px) 100vw, 305px\" \/><\/a><\/figure>\n\n\n\n<figure class=\"wp-block-image size-large\"><a href=\"http:\/\/dolinaraby.pl\/wp-content\/uploads\/2023\/10\/miedzy-zyciem-a-sztuka-w-hucisku.png\" data-rel=\"penci-gallery-image-content\" ><img loading=\"lazy\" decoding=\"async\" width=\"301\" height=\"643\" data-id=\"13341\" src=\"http:\/\/dolinaraby.pl\/wp-content\/uploads\/2023\/10\/miedzy-zyciem-a-sztuka-w-hucisku.png\" alt=\"\" class=\"wp-image-13341\" srcset=\"http:\/\/dolinaraby.pl\/klon2024\/wp-content\/uploads\/2023\/10\/miedzy-zyciem-a-sztuka-w-hucisku.png 301w, http:\/\/dolinaraby.pl\/klon2024\/wp-content\/uploads\/2023\/10\/miedzy-zyciem-a-sztuka-w-hucisku-140x300.png 140w\" sizes=\"(max-width: 301px) 100vw, 301px\" \/><\/a><\/figure>\n\n\n\n<figure class=\"wp-block-image size-large\"><a href=\"http:\/\/dolinaraby.pl\/wp-content\/uploads\/2023\/10\/quest-ci-powie-co-slychac-w-lapanowie.png\" data-rel=\"penci-gallery-image-content\" ><img loading=\"lazy\" decoding=\"async\" width=\"311\" height=\"641\" data-id=\"13336\" src=\"http:\/\/dolinaraby.pl\/wp-content\/uploads\/2023\/10\/quest-ci-powie-co-slychac-w-lapanowie.png\" alt=\"\" class=\"wp-image-13336\" srcset=\"http:\/\/dolinaraby.pl\/klon2024\/wp-content\/uploads\/2023\/10\/quest-ci-powie-co-slychac-w-lapanowie.png 311w, http:\/\/dolinaraby.pl\/klon2024\/wp-content\/uploads\/2023\/10\/quest-ci-powie-co-slychac-w-lapanowie-146x300.png 146w\" sizes=\"(max-width: 311px) 100vw, 311px\" \/><\/a><\/figure>\n\n\n\n<figure class=\"wp-block-image size-large\"><a href=\"http:\/\/dolinaraby.pl\/wp-content\/uploads\/2023\/10\/rowerem-wokol-kobylca.png\" data-rel=\"penci-gallery-image-content\" ><img loading=\"lazy\" decoding=\"async\" width=\"305\" height=\"639\" data-id=\"13335\" src=\"http:\/\/dolinaraby.pl\/wp-content\/uploads\/2023\/10\/rowerem-wokol-kobylca.png\" alt=\"\" class=\"wp-image-13335\" srcset=\"http:\/\/dolinaraby.pl\/klon2024\/wp-content\/uploads\/2023\/10\/rowerem-wokol-kobylca.png 305w, http:\/\/dolinaraby.pl\/klon2024\/wp-content\/uploads\/2023\/10\/rowerem-wokol-kobylca-143x300.png 143w\" sizes=\"(max-width: 305px) 100vw, 305px\" \/><\/a><\/figure>\n\n\n\n<figure class=\"wp-block-image size-large\"><a href=\"http:\/\/dolinaraby.pl\/wp-content\/uploads\/2023\/10\/kamionna-we-wspomnieniach-babci-Teofilii-1.png\" data-rel=\"penci-gallery-image-content\" ><img loading=\"lazy\" decoding=\"async\" width=\"301\" height=\"644\" data-id=\"13352\" src=\"http:\/\/dolinaraby.pl\/wp-content\/uploads\/2023\/10\/kamionna-we-wspomnieniach-babci-Teofilii-1.png\" alt=\"\" class=\"wp-image-13352\" srcset=\"http:\/\/dolinaraby.pl\/klon2024\/wp-content\/uploads\/2023\/10\/kamionna-we-wspomnieniach-babci-Teofilii-1.png 301w, http:\/\/dolinaraby.pl\/klon2024\/wp-content\/uploads\/2023\/10\/kamionna-we-wspomnieniach-babci-Teofilii-1-140x300.png 140w\" sizes=\"(max-width: 301px) 100vw, 301px\" \/><\/a><\/figure>\n\n\n\n<figure class=\"wp-block-image size-large\"><a href=\"http:\/\/dolinaraby.pl\/wp-content\/uploads\/2023\/10\/szlakiem-cmentarzy-z-i-wojny-swiatowej-1.png\" data-rel=\"penci-gallery-image-content\" ><img loading=\"lazy\" decoding=\"async\" width=\"306\" height=\"646\" data-id=\"13351\" src=\"http:\/\/dolinaraby.pl\/wp-content\/uploads\/2023\/10\/szlakiem-cmentarzy-z-i-wojny-swiatowej-1.png\" alt=\"\" class=\"wp-image-13351\" srcset=\"http:\/\/dolinaraby.pl\/klon2024\/wp-content\/uploads\/2023\/10\/szlakiem-cmentarzy-z-i-wojny-swiatowej-1.png 306w, http:\/\/dolinaraby.pl\/klon2024\/wp-content\/uploads\/2023\/10\/szlakiem-cmentarzy-z-i-wojny-swiatowej-1-142x300.png 142w\" sizes=\"(max-width: 306px) 100vw, 306px\" \/><\/a><\/figure>\n\n\n\n<figure class=\"wp-block-image size-large\"><a href=\"http:\/\/dolinaraby.pl\/wp-content\/uploads\/2023\/10\/tajemnice-wokol-ziemi-wisnickiej.png\" data-rel=\"penci-gallery-image-content\" ><img loading=\"lazy\" decoding=\"async\" width=\"304\" height=\"640\" data-id=\"13343\" src=\"http:\/\/dolinaraby.pl\/wp-content\/uploads\/2023\/10\/tajemnice-wokol-ziemi-wisnickiej.png\" alt=\"\" class=\"wp-image-13343\" srcset=\"http:\/\/dolinaraby.pl\/klon2024\/wp-content\/uploads\/2023\/10\/tajemnice-wokol-ziemi-wisnickiej.png 304w, http:\/\/dolinaraby.pl\/klon2024\/wp-content\/uploads\/2023\/10\/tajemnice-wokol-ziemi-wisnickiej-143x300.png 143w\" sizes=\"(max-width: 304px) 100vw, 304px\" \/><\/a><\/figure>\n\n\n\n<figure class=\"wp-block-image size-large\"><a href=\"http:\/\/dolinaraby.pl\/wp-content\/uploads\/2023\/10\/historia-w-cieniu-kapliczek.png\" data-rel=\"penci-gallery-image-content\" ><img loading=\"lazy\" decoding=\"async\" width=\"303\" height=\"642\" data-id=\"13342\" src=\"http:\/\/dolinaraby.pl\/wp-content\/uploads\/2023\/10\/historia-w-cieniu-kapliczek.png\" alt=\"\" class=\"wp-image-13342\" srcset=\"http:\/\/dolinaraby.pl\/klon2024\/wp-content\/uploads\/2023\/10\/historia-w-cieniu-kapliczek.png 303w, http:\/\/dolinaraby.pl\/klon2024\/wp-content\/uploads\/2023\/10\/historia-w-cieniu-kapliczek-142x300.png 142w\" sizes=\"(max-width: 303px) 100vw, 303px\" \/><\/a><\/figure>\n\n\n\n<figure class=\"wp-block-image size-large\"><a href=\"http:\/\/dolinaraby.pl\/wp-content\/uploads\/2023\/10\/spacer-z-widokiem-na-beskid-wyspowy.png\" data-rel=\"penci-gallery-image-content\" ><img loading=\"lazy\" decoding=\"async\" width=\"300\" height=\"641\" data-id=\"13345\" src=\"http:\/\/dolinaraby.pl\/wp-content\/uploads\/2023\/10\/spacer-z-widokiem-na-beskid-wyspowy.png\" alt=\"\" class=\"wp-image-13345\" srcset=\"http:\/\/dolinaraby.pl\/klon2024\/wp-content\/uploads\/2023\/10\/spacer-z-widokiem-na-beskid-wyspowy.png 300w, http:\/\/dolinaraby.pl\/klon2024\/wp-content\/uploads\/2023\/10\/spacer-z-widokiem-na-beskid-wyspowy-140x300.png 140w\" sizes=\"(max-width: 300px) 100vw, 300px\" \/><\/a><\/figure>\n\n\n\n<figure class=\"wp-block-image size-large\"><a href=\"http:\/\/dolinaraby.pl\/wp-content\/uploads\/2023\/10\/wokol-historii-i-legend-podworskiego-parku-w-lakcie-gornej.png\" data-rel=\"penci-gallery-image-content\" ><img loading=\"lazy\" decoding=\"async\" width=\"299\" height=\"641\" data-id=\"13346\" src=\"http:\/\/dolinaraby.pl\/wp-content\/uploads\/2023\/10\/wokol-historii-i-legend-podworskiego-parku-w-lakcie-gornej.png\" alt=\"\" class=\"wp-image-13346\" srcset=\"http:\/\/dolinaraby.pl\/klon2024\/wp-content\/uploads\/2023\/10\/wokol-historii-i-legend-podworskiego-parku-w-lakcie-gornej.png 299w, http:\/\/dolinaraby.pl\/klon2024\/wp-content\/uploads\/2023\/10\/wokol-historii-i-legend-podworskiego-parku-w-lakcie-gornej-140x300.png 140w\" sizes=\"(max-width: 299px) 100vw, 299px\" \/><\/a><\/figure>\n\n\n\n<figure class=\"wp-block-image size-large\"><a href=\"http:\/\/dolinaraby.pl\/wp-content\/uploads\/2023\/10\/w-poszukiwaniu-leczniczej-wody-w-zegocinie.png\" data-rel=\"penci-gallery-image-content\" ><img loading=\"lazy\" decoding=\"async\" width=\"303\" height=\"640\" data-id=\"13344\" src=\"http:\/\/dolinaraby.pl\/wp-content\/uploads\/2023\/10\/w-poszukiwaniu-leczniczej-wody-w-zegocinie.png\" alt=\"\" class=\"wp-image-13344\" srcset=\"http:\/\/dolinaraby.pl\/klon2024\/wp-content\/uploads\/2023\/10\/w-poszukiwaniu-leczniczej-wody-w-zegocinie.png 303w, http:\/\/dolinaraby.pl\/klon2024\/wp-content\/uploads\/2023\/10\/w-poszukiwaniu-leczniczej-wody-w-zegocinie-142x300.png 142w\" sizes=\"(max-width: 303px) 100vw, 303px\" \/><\/a><\/figure>\n<\/figure>\n\n\n\n<p><\/p>\n\n\n\n<h2 class=\"wp-block-heading\">Ulotki questowe do pobrania w formacie PDF<\/h2>\n\n\n\n<p><\/p>\n\n\n\n<p class=\"has-medium-font-size\"><strong><em>Gmina Trzciana<\/em>:<\/strong><\/p>\n\n\n\n<div class=\"wp-block-file\"><a id=\"wp-block-file--media-61ee626a-d5b2-4581-b7f1-0dca7c20bdbc\" href=\"http:\/\/dolinaraby.pl\/wp-content\/uploads\/2023\/10\/szlakiem-cmentarzy-z-i-wojny-swiatowej-w-lakcie-dolnej1696851856.pdf\">Szlakiem cmentarzy z I wojny \u015bwiatowej.pdf<\/a><a href=\"http:\/\/dolinaraby.pl\/wp-content\/uploads\/2023\/10\/szlakiem-cmentarzy-z-i-wojny-swiatowej-w-lakcie-dolnej1696851856.pdf\" class=\"wp-block-file__button wp-element-button\" download aria-describedby=\"wp-block-file--media-61ee626a-d5b2-4581-b7f1-0dca7c20bdbc\">Pobierz<\/a><\/div>\n\n\n\n<div class=\"wp-block-file\"><a id=\"wp-block-file--media-22c8bbea-b09e-4f18-aed5-eaedcb88ca5d\" href=\"http:\/\/dolinaraby.pl\/wp-content\/uploads\/2023\/10\/kamionna-we-wspomnieniach-babci-teofili1696590437.pdf\">Kamionna we wspomnieniach babci Teofili.pdf<\/a><a href=\"http:\/\/dolinaraby.pl\/wp-content\/uploads\/2023\/10\/kamionna-we-wspomnieniach-babci-teofili1696590437.pdf\" class=\"wp-block-file__button wp-element-button\" download aria-describedby=\"wp-block-file--media-22c8bbea-b09e-4f18-aed5-eaedcb88ca5d\">Pobierz<\/a><\/div>\n\n\n\n<p><\/p>\n\n\n\n<p class=\"has-text-align-left has-medium-font-size\"><strong><em>Gmina \u0141apan<\/em>\u00f3w<\/strong><\/p>\n\n\n\n<div class=\"wp-block-file\"><a id=\"wp-block-file--media-942f2096-9776-4863-83a8-c0093406af29\" href=\"http:\/\/dolinaraby.pl\/wp-content\/uploads\/2023\/10\/rowerem-wokol-kobylca1696589999.pdf\">Rowerem wok\u00f3\u0142 Kobylca.pdf<\/a><a href=\"http:\/\/dolinaraby.pl\/wp-content\/uploads\/2023\/10\/rowerem-wokol-kobylca1696589999.pdf\" class=\"wp-block-file__button wp-element-button\" download aria-describedby=\"wp-block-file--media-942f2096-9776-4863-83a8-c0093406af29\">Pobierz<\/a><\/div>\n\n\n\n<div class=\"wp-block-file\"><a id=\"wp-block-file--media-88a676e9-c95a-4a8d-8403-ef872ef3d98d\" href=\"http:\/\/dolinaraby.pl\/wp-content\/uploads\/2023\/10\/jakie-ciekawostki-o-lapanowie-quest-ci-opowie1696590160.pdf\">Jakie ciekawostki o \u0141apanowie quest Ci opowie.pdf<\/a><a href=\"http:\/\/dolinaraby.pl\/wp-content\/uploads\/2023\/10\/jakie-ciekawostki-o-lapanowie-quest-ci-opowie1696590160.pdf\" class=\"wp-block-file__button wp-element-button\" download aria-describedby=\"wp-block-file--media-88a676e9-c95a-4a8d-8403-ef872ef3d98d\">Pobierz<\/a><\/div>\n\n\n\n<p><\/p>\n\n\n\n<p class=\"has-medium-font-size\"><strong><em>Gmina Biskupice:<\/em><\/strong><\/p>\n\n\n\n<div class=\"wp-block-file\"><a id=\"wp-block-file--media-4f24ddd6-fab8-4f4c-a5d9-5b51743796b8\" href=\"http:\/\/dolinaraby.pl\/wp-content\/uploads\/2023\/10\/Biskupice-wyprawa-po-dawnym-majatku-biskupow-krakowskich.-pdf.pdf\">Biskupice wyprawa po dawnym maj\u0105tku biskup\u00f3w-krakowskich. pdf<\/a><a href=\"http:\/\/dolinaraby.pl\/wp-content\/uploads\/2023\/10\/Biskupice-wyprawa-po-dawnym-majatku-biskupow-krakowskich.-pdf.pdf\" class=\"wp-block-file__button wp-element-button\" download aria-describedby=\"wp-block-file--media-4f24ddd6-fab8-4f4c-a5d9-5b51743796b8\">Pobierz<\/a><\/div>\n\n\n\n<div class=\"wp-block-file\"><a id=\"wp-block-file--media-97a23cb8-2883-4e0c-9e3f-919120c891d7\" href=\"http:\/\/dolinaraby.pl\/wp-content\/uploads\/2023\/10\/z-lazan-do-jawczyc-sladami-dawnych-dziejow1696590272-2.pdf\">Z \u0141azan do Jawczyc \u015bladami dawnych dziej\u00f3w.pdf<\/a><a href=\"http:\/\/dolinaraby.pl\/wp-content\/uploads\/2023\/10\/z-lazan-do-jawczyc-sladami-dawnych-dziejow1696590272-2.pdf\" class=\"wp-block-file__button wp-element-button\" download aria-describedby=\"wp-block-file--media-97a23cb8-2883-4e0c-9e3f-919120c891d7\">Pobierz<\/a><\/div>\n\n\n\n<div class=\"wp-block-file\"><a id=\"wp-block-file--media-eaa67159-9357-45ac-8db1-28faa1a33091\" href=\"http:\/\/dolinaraby.pl\/wp-content\/uploads\/2023\/10\/Historie-Bodzanowa-w-kamieniu-zapisane.-pdf.pdf\">Historie Bodzanowa w kamieniu zapisane. pdf<\/a><a href=\"http:\/\/dolinaraby.pl\/wp-content\/uploads\/2023\/10\/Historie-Bodzanowa-w-kamieniu-zapisane.-pdf.pdf\" class=\"wp-block-file__button wp-element-button\" download aria-describedby=\"wp-block-file--media-eaa67159-9357-45ac-8db1-28faa1a33091\">Pobierz<\/a><\/div>\n\n\n\n<p><\/p>\n\n\n\n<p class=\"has-medium-font-size\"><strong><em>Gmina Gd\u00f3w<\/em>:<\/strong><\/p>\n\n\n\n<div class=\"wp-block-file\"><a id=\"wp-block-file--media-62a4db82-7b81-4199-88e2-cf55bcb9ce94\" href=\"http:\/\/dolinaraby.pl\/wp-content\/uploads\/2023\/10\/spacer-po-750-letnim-gdowie-z-rycerzem-zbigniewem1696591905.pdf\">Spacer po 750-letnim Gdowie z rycerzem Zbigniewem.pdf<\/a><a href=\"http:\/\/dolinaraby.pl\/wp-content\/uploads\/2023\/10\/spacer-po-750-letnim-gdowie-z-rycerzem-zbigniewem1696591905.pdf\" class=\"wp-block-file__button wp-element-button\" download aria-describedby=\"wp-block-file--media-62a4db82-7b81-4199-88e2-cf55bcb9ce94\">Pobierz<\/a><\/div>\n\n\n\n<div class=\"wp-block-file\"><a id=\"wp-block-file--media-c3fadffd-0724-4b7f-807e-dd16d6dfb79d\" href=\"http:\/\/dolinaraby.pl\/wp-content\/uploads\/2023\/10\/miedzy-zyciem-a-sztuka-w-hucisku1696591258.pdf\">Mi\u0119dzy \u017cyciem a sztuk\u0105 w Hucisku.pdf <\/a><a href=\"http:\/\/dolinaraby.pl\/wp-content\/uploads\/2023\/10\/miedzy-zyciem-a-sztuka-w-hucisku1696591258.pdf\" class=\"wp-block-file__button wp-element-button\" download aria-describedby=\"wp-block-file--media-c3fadffd-0724-4b7f-807e-dd16d6dfb79d\">Pobierz<\/a><\/div>\n\n\n\n<p><\/p>\n\n\n\n<p class=\"has-medium-font-size\"><strong><em>Gmina Nowy Wi\u015bnicz<\/em><\/strong>                                    <a href=\"https:\/\/questy.org.pl\/quest\/tajemnice-wisnickiej-ziemi  \"> <\/a><\/p>\n\n\n\n<div class=\"wp-block-file\"><a id=\"wp-block-file--media-4a9eccde-0ad9-4a75-9adc-ac8d5de47a78\" href=\"http:\/\/dolinaraby.pl\/wp-content\/uploads\/2023\/10\/tajemnice-wisnickiej-ziemi1696590975.pdf\">Tajemnice wi\u015bnickiej ziemi.pdf<\/a><a href=\"http:\/\/dolinaraby.pl\/wp-content\/uploads\/2023\/10\/tajemnice-wisnickiej-ziemi1696590975.pdf\" class=\"wp-block-file__button wp-element-button\" download aria-describedby=\"wp-block-file--media-4a9eccde-0ad9-4a75-9adc-ac8d5de47a78\">Pobierz<\/a><\/div>\n\n\n\n<div class=\"wp-block-file\"><a id=\"wp-block-file--media-00b67ddf-9654-454d-aa56-a57b208a8b03\" href=\"http:\/\/dolinaraby.pl\/wp-content\/uploads\/2023\/10\/historia-w-cieniu-kapliczek-zapisana1696590896.pdf\">Historia w cieniu kapliczek zapisana.pdf<\/a><a href=\"http:\/\/dolinaraby.pl\/wp-content\/uploads\/2023\/10\/historia-w-cieniu-kapliczek-zapisana1696590896.pdf\" class=\"wp-block-file__button wp-element-button\" download aria-describedby=\"wp-block-file--media-00b67ddf-9654-454d-aa56-a57b208a8b03\">Pobierz<\/a><\/div>\n\n\n\n<p><\/p>\n\n\n\n<p class=\"has-medium-font-size\"><strong><em>Gmina \u017begocina<\/em><\/strong><\/p>\n\n\n\n<div class=\"wp-block-file\"><a id=\"wp-block-file--media-893032c0-7330-4170-81f2-a9078a99f0ac\" href=\"http:\/\/dolinaraby.pl\/wp-content\/uploads\/2023\/10\/w-poszukiwaniu-wody-leczniczej-w-zegocinie1696590496-5.pdf\">W poszukiwaniu wody leczniczej w \u017begocinie.pdf<\/a><a href=\"http:\/\/dolinaraby.pl\/wp-content\/uploads\/2023\/10\/w-poszukiwaniu-wody-leczniczej-w-zegocinie1696590496-5.pdf\" class=\"wp-block-file__button wp-element-button\" download aria-describedby=\"wp-block-file--media-893032c0-7330-4170-81f2-a9078a99f0ac\">Pobierz<\/a><\/div>\n\n\n\n<div class=\"wp-block-file\"><a id=\"wp-block-file--media-3961b5de-1af6-45ca-b3d2-e5627c6bb618\" href=\"http:\/\/dolinaraby.pl\/wp-content\/uploads\/2023\/10\/quest-spacer-z-widokiem-na-beskid-wyspowy1696590784-2.pdf\">Quest spacer z widokiem na Beskid Wyspowy.pdf<\/a><a href=\"http:\/\/dolinaraby.pl\/wp-content\/uploads\/2023\/10\/quest-spacer-z-widokiem-na-beskid-wyspowy1696590784-2.pdf\" class=\"wp-block-file__button wp-element-button\" download aria-describedby=\"wp-block-file--media-3961b5de-1af6-45ca-b3d2-e5627c6bb618\">Pobierz<\/a><\/div>\n\n\n\n<div class=\"wp-block-file\"><a id=\"wp-block-file--media-e034442e-4163-4c64-8605-d076cd485137\" href=\"http:\/\/dolinaraby.pl\/wp-content\/uploads\/2023\/10\/wokol-historii-i-legend-podworskiego-parku-w-lakcie-gornej1696590843-2.pdf\">Wok\u00f3\u0142 historii i legend podworskiego parku w \u0141akcie G\u00f3rnej.pdf<\/a><a href=\"http:\/\/dolinaraby.pl\/wp-content\/uploads\/2023\/10\/wokol-historii-i-legend-podworskiego-parku-w-lakcie-gornej1696590843-2.pdf\" class=\"wp-block-file__button wp-element-button\" download aria-describedby=\"wp-block-file--media-e034442e-4163-4c64-8605-d076cd485137\">Pobierz<\/a><\/div>\n","protected":false},"excerpt":{"rendered":"<p>LGD \u201eDolina Raby\u201d uko\u0144czy\u0142a tworzenie sieci quest\u00f3w na obszarze Doliny Raby. \u0141\u0105cznie powsta\u0142o 14 tras questowych. Realizacja przedsi\u0119wzi\u0119cia by\u0142a mo\u017cliwa dzi\u0119ki pozyskanym \u015brodkom finansowym w&hellip;<\/p>\n","protected":false},"author":1,"featured_media":0,"parent":0,"menu_order":0,"comment_status":"closed","ping_status":"closed","template":"","meta":{"_monsterinsights_skip_tracking":false,"_monsterinsights_sitenote_active":false,"_monsterinsights_sitenote_note":"","_monsterinsights_sitenote_category":0,"ngg_post_thumbnail":0,"footnotes":""},"class_list":["post-13196","page","type-page","status-publish","hentry"],"_links":{"self":[{"href":"http:\/\/dolinaraby.pl\/klon2024\/wp-json\/wp\/v2\/pages\/13196","targetHints":{"allow":["GET"]}}],"collection":[{"href":"http:\/\/dolinaraby.pl\/klon2024\/wp-json\/wp\/v2\/pages"}],"about":[{"href":"http:\/\/dolinaraby.pl\/klon2024\/wp-json\/wp\/v2\/types\/page"}],"author":[{"embeddable":true,"href":"http:\/\/dolinaraby.pl\/klon2024\/wp-json\/wp\/v2\/users\/1"}],"replies":[{"embeddable":true,"href":"http:\/\/dolinaraby.pl\/klon2024\/wp-json\/wp\/v2\/comments?post=13196"}],"version-history":[{"count":25,"href":"http:\/\/dolinaraby.pl\/klon2024\/wp-json\/wp\/v2\/pages\/13196\/revisions"}],"predecessor-version":[{"id":13440,"href":"http:\/\/dolinaraby.pl\/klon2024\/wp-json\/wp\/v2\/pages\/13196\/revisions\/13440"}],"wp:attachment":[{"href":"http:\/\/dolinaraby.pl\/klon2024\/wp-json\/wp\/v2\/media?parent=13196"}],"curies":[{"name":"wp","href":"https:\/\/api.w.org\/{rel}","templated":true}]}}