{"id":154,"date":"2013-10-17T00:46:55","date_gmt":"2013-10-16T22:46:55","guid":{"rendered":"http:\/\/dolinaraby.pl\/nowa_strona\/?page_id=154"},"modified":"2021-12-03T11:43:23","modified_gmt":"2021-12-03T10:43:23","slug":"festiwal-rosolu","status":"publish","type":"page","link":"http:\/\/dolinaraby.pl\/klon2024\/biblioteka-lgd\/festiwal-rosolu\/","title":{"rendered":"Festiwal roso\u0142u"},"content":{"rendered":"<p style=\"text-align: justify;\"><a href=\"http:\/\/dolinaraby.pl\/wp-content\/uploads\/2013\/08\/DSC01872-Kopiowanie.jpg\" data-rel=\"penci-gallery-image-content\" ><img fetchpriority=\"high\" decoding=\"async\" class=\"size-medium wp-image-2654 alignleft\" title=\"SONY DSC\" src=\"http:\/\/dolinaraby.pl\/wp-content\/uploads\/2013\/08\/DSC01872-Kopiowanie-300x199.jpg\" alt=\"\" width=\"300\" height=\"199\" srcset=\"http:\/\/dolinaraby.pl\/klon2024\/wp-content\/uploads\/2013\/08\/DSC01872-Kopiowanie-300x199.jpg 300w, http:\/\/dolinaraby.pl\/klon2024\/wp-content\/uploads\/2013\/08\/DSC01872-Kopiowanie-1024x681.jpg 1024w, http:\/\/dolinaraby.pl\/klon2024\/wp-content\/uploads\/2013\/08\/DSC01872-Kopiowanie.jpg 1202w\" sizes=\"(max-width: 300px) 100vw, 300px\" \/><\/a><\/p>\n<p style=\"text-align: justify;\">Jednym z realizowanych przedsi\u0119wzi\u0119\u0107 LSR Stowarzyszenia Lokalna Grupa Dzia\u0142ania \u0080\u009eDolina Raby w ramach PROW 2007 &#8211; 2013\u0080\u009d by\u0142 &#8222;Smak Doliny Raby&#8221;. Realizacja tego przedsi\u0119wzi\u0119cia przyczyni\u0142a si\u0119 do rozwoju rynku tradycyjnej \u017cywno\u015bci. Projekty w ramach tego przedsi\u0119wzi\u0119cia odpowiada\u0142y specyfice obszaru LGD jak\u0105 jest dziedzictwo kulinarne i kulturalne. W perspektywie PROW 2014 &#8211; 2020 LGD realizuje cel szczeg\u00f3\u0142owy LSR &#8222;Rozw\u00f3j markowej \u017cywno\u015bci tradycyjnej i kana\u0142\u00f3w dystrybucji tych produkt\u00f3w, w tym kr\u00f3tkich \u0142a\u0144cuch\u00f3w \u017cywno\u015bciowych&#8221;.<\/p>\n<p style=\"text-align: justify;\">Wykorzystuj\u0105c czynnik endogeniczny jakim by\u0142o powstanie najstarszej ksi\u0105\u017cki kucharskiej <a href=\"http:\/\/www.wbc.poznan.pl\/dlibra\/applet?mimetype=image%2Fx.djvu&amp;sec=false&amp;handler=djvu_html5&amp;content_url=%2FContent%2F66766%2Fstd-012657.djvu\">&#8222;\u0080\u009eCompendium ferculorum albo zebranie potraw&#8221;\u0080\u009d <\/a>napisanej przez Stanis\u0142awa Czarnieckiego na zamku w Wi\u015bniczu w 1682 r. Stowarzyszenie LGD &#8222;Dolina Raby&#8221; organizuje Festiwal Roso\u0142u. Ros\u00f3\u0142 polski, a dok\u0142adnie szesna\u015bcie sposob\u00f3w jego przygotowania rozpoczyna zbi\u00f3r przepis\u00f3w kulinarnych Stanis\u0142awa Czernieckiego. Warto doda\u0107, \u017ce autor ksi\u0105\u017cki odegra\u0142 znacz\u0105c\u0105 rol\u0119 dla krzewienia kultury i j\u0119zyka polskiego. Autor ch\u0119tnie korzysta\u0142 z r\u00f3\u017cnych inspiracji oraz w\u0142asnego do\u015bwiadczenia. Celem organizowanego Festiwalu, kt\u00f3ry ma form\u0119 konkursu jest kultywowanie, propagowanie i pog\u0142\u0119bianie wiedzy na temat roso\u0142u, jako polskiej potrawy narodowej oraz budowanie wi\u0119zi wewn\u0105trz spo\u0142eczno\u015bci lokalnych.&nbsp;<\/p>\n<p>LGD &#8222;Dolina Raby&#8221; zarejestrowa\u0142a potraw\u0119 <a href=\"https:\/\/www.gov.pl\/rolnictwo\/rosol-polski\">Ros\u00f3\u0142 polski na Li\u015bcie Produkt\u00f3w Tradycyjnych Ministra Rolnictwa i Rozwoju Wsi.&nbsp; <\/a><\/p>\n<p style=\"text-align: justify;\"><a href=\"http:\/\/dolinaraby.pl\/wp-content\/uploads\/2013\/10\/Wpis-roso\u0142u.jpg\" data-rel=\"penci-gallery-image-content\" ><img decoding=\"async\" class=\"alignleft size-medium wp-image-4152\" src=\"http:\/\/dolinaraby.pl\/wp-content\/uploads\/2013\/10\/Wpis-roso\u0142u-205x300.jpg\" alt=\"Wpis roso\u0142u\" width=\"205\" height=\"300\" srcset=\"http:\/\/dolinaraby.pl\/klon2024\/wp-content\/uploads\/2013\/10\/Wpis-roso\u0142u-205x300.jpg 205w, http:\/\/dolinaraby.pl\/klon2024\/wp-content\/uploads\/2013\/10\/Wpis-roso\u0142u.jpg 416w\" sizes=\"(max-width: 205px) 100vw, 205px\" \/><\/a><\/p>\n<p>&nbsp;<\/p>\n<p>&nbsp;<\/p>\n<p>&nbsp;<\/p>\n<p>&nbsp;<\/p>\n<p>&nbsp;<\/p>\n<p>&nbsp;<\/p>\n<p>&nbsp;<\/p>\n<p>&nbsp;<\/p>\n<p>&nbsp;<\/p>\n<hr>\n<p style=\"text-align: justify;\">Poni\u017cej prezentujemy linki z relacjami z dotychczasowych edycji festiwalu:<\/p>\n<p><a href=\"http:\/\/dolinaraby.pl\/10729-2\/\"><em><strong>X Festiwal Roso\u0142u w dniu 1 sierpnia 2021 roku w Gdowie<\/strong><\/em><\/a><\/p>\n<p><strong><a href=\"http:\/\/dolinaraby.pl\/ix-festiwal-rosolu-za-nami\/\"><em>IX Festiwal Roso\u0142u w dniu 14 wrze\u015bnia 2019 r. w Rozdzielu<\/em><\/a><\/strong><\/p>\n<p><a href=\"http:\/\/dolinaraby.pl\/oficjalna-relacja-z-viii-festiwalu-rosolu\/\"><span style=\"text-decoration: underline;\"><span style=\"color: #008000;\"><em><strong>VIII Festiwal Roso\u0142u w dniu 30 czerwca 2018 r. w Bochni<\/strong><\/em><\/span><\/span><\/a><\/p>\n<p><span style=\"color: #008000;\"><em><a href=\"http:\/\/dolinaraby.pl\/vii-festiwal-rosolu-szczegolowa-relacja\/\"><strong><span style=\"color: #008000;\">VII Festiwal Roso\u0142u w dniu 15 sierpnia 2017 r. w Nowym Wi\u015bniczu<\/span><\/strong><\/a><\/em><\/span><\/p>\n<p><a href=\"http:\/\/dolinaraby.pl\/6408-2\/\"><span style=\"color: #339966;\"><strong><span style=\"color: #008000;\"><em>VI Festiwal Roso\u0142u w dniu 11 wrze\u015bnia 2016 r. w Trzcianie<\/em><\/span><\/strong><\/span><\/a><\/p>\n<p style=\"text-align: justify;\"><a href=\"http:\/\/dolinaraby.pl\/5465\/\"><span style=\"text-decoration: underline; color: #008000;\"><em><strong>V Festiwal Roso\u0142u 21 czerwca 2015 r. w Gdowie<\/strong><\/em><\/span><\/a><\/p>\n<p style=\"text-align: justify;\"><strong><span style=\"color: #008000;\"><em><a style=\"color: #008000; text-decoration: underline;\" href=\"http:\/\/dolinaraby.pl\/najsmakowitszy-rosol-przygotowany\/\">IV Festiwal Roso\u0142u 21 wrze\u015bnia 2014 r. w \u0141apanowie<\/a><\/em><\/span><\/strong><\/p>\n<p style=\"text-align: justify;\"><strong><span style=\"color: #008000;\"><em><a style=\"color: #008000; text-decoration: underline;\" href=\"http:\/\/dolinaraby.pl\/?p=2582\">III Festiwal Roso\u0142u 15 wrze\u015bnia 2013 r. w \u017begocinie<\/a><\/em><\/span><\/strong><\/p>\n<p style=\"text-align: justify;\"><strong><span style=\"color: #008000;\"><em><a style=\"color: #008000; text-decoration: underline;\" href=\"http:\/\/dolinaraby.pl\/?p=517\">II Festiwal Roso\u0142u 14 pa\u017adziernika 2012 r. w Tomaszkowicach<\/a><\/em><\/span><\/strong><\/p>\n<p style=\"text-align: justify;\"><strong><span style=\"color: #008000;\"><em><a style=\"color: #008000; text-decoration: underline;\" href=\"http:\/\/dolinaraby.pl\/?p=445\">I Festiwal Roso\u0142u na zamku w Wi\u015bniczu<\/a><\/em><\/span><\/strong><\/p>\n<hr>\n<p style=\"text-align: justify;\">Relacje filmowe z dotychczasowych edycji festiwalu:<\/p>\n<p><iframe src=\"\/\/www.youtube.com\/embed\/sdkxTOjr-v8\" width=\"560\" height=\"314\" allowfullscreen=\"allowfullscreen\"><\/iframe><\/p>\n<p><iframe src=\"\/\/www.youtube.com\/embed\/aLFRIeVE-aI?t=2s\" width=\"560\" height=\"314\" allowfullscreen=\"allowfullscreen\"><\/iframe><\/p>\n<p><iframe src=\"\/\/www.youtube.com\/embed\/lB1mSUiFSLY\" width=\"560\" height=\"314\" allowfullscreen=\"allowfullscreen\"><\/iframe><\/p>\n<p><iframe src=\"\/\/www.youtube.com\/embed\/V31BjUWIznw\" width=\"560\" height=\"314\" allowfullscreen=\"allowfullscreen\"><\/iframe><\/p>\n<p><iframe src=\"\/\/www.youtube.com\/embed\/Y2DR9ah90t4\" width=\"560\" height=\"314\" allowfullscreen=\"allowfullscreen\"><\/iframe><\/p>\n<p><iframe src=\"\/\/www.youtube.com\/embed\/Qipd9IWPWg4\" width=\"560\" height=\"314\" allowfullscreen=\"allowfullscreen\"><\/iframe><\/p>\n<p><iframe src=\"\/\/www.youtube.com\/embed\/Y4Gd50M9PBY\" width=\"560\" height=\"314\" allowfullscreen=\"allowfullscreen\"><\/iframe><\/p>\n<p><iframe src=\"\/\/www.youtube.com\/embed\/U-Z3ME24kbE\" width=\"560\" height=\"314\" allowfullscreen=\"allowfullscreen\"><\/iframe><\/p>\n<p><iframe src=\"\/\/www.youtube.com\/embed\/105CdI7Rh1o\" width=\"560\" height=\"314\" allowfullscreen=\"allowfullscreen\"><\/iframe><\/p>\n<p><iframe src=\"\/\/www.youtube.com\/embed\/7xc6jHojB3s\" width=\"560\" height=\"314\" allowfullscreen=\"allowfullscreen\"><\/iframe><\/p>\n<p><iframe src=\"\/\/www.youtube.com\/embed\/RxvBEnVAuoM\" width=\"560\" height=\"314\" allowfullscreen=\"allowfullscreen\"><\/iframe><\/p>\n<p><iframe src=\"\/\/www.youtube.com\/embed\/vYdViXi1-ts\" width=\"560\" height=\"314\" allowfullscreen=\"allowfullscreen\"><\/iframe><\/p>\n<p><iframe src=\"\/\/www.youtube.com\/embed\/Ft3OgFmPNnU\" width=\"560\" height=\"314\" allowfullscreen=\"allowfullscreen\"><\/iframe><\/p>\n<p><iframe src=\"\/\/www.youtube.com\/embed\/pmo4u714QXg\" width=\"560\" height=\"314\" allowfullscreen=\"allowfullscreen\"><\/iframe><\/p>\n<p><iframe src=\"\/\/www.youtube.com\/embed\/rOt4g0JKiGI\" width=\"560\" height=\"314\" allowfullscreen=\"allowfullscreen\"><\/iframe><\/p>\n","protected":false},"excerpt":{"rendered":"<p>Jednym z realizowanych przedsi\u0119wzi\u0119\u0107 LSR Stowarzyszenia Lokalna Grupa Dzia\u0142ania \u0080\u009eDolina Raby w ramach PROW 2007 &#8211; 2013\u0080\u009d by\u0142 &#8222;Smak Doliny Raby&#8221;. Realizacja tego przedsi\u0119wzi\u0119cia przyczyni\u0142a&hellip;<\/p>\n","protected":false},"author":1,"featured_media":0,"parent":160,"menu_order":0,"comment_status":"closed","ping_status":"closed","template":"","meta":{"_monsterinsights_skip_tracking":false,"_monsterinsights_sitenote_active":false,"_monsterinsights_sitenote_note":"","_monsterinsights_sitenote_category":0,"ngg_post_thumbnail":0,"footnotes":""},"class_list":["post-154","page","type-page","status-publish","hentry"],"_links":{"self":[{"href":"http:\/\/dolinaraby.pl\/klon2024\/wp-json\/wp\/v2\/pages\/154","targetHints":{"allow":["GET"]}}],"collection":[{"href":"http:\/\/dolinaraby.pl\/klon2024\/wp-json\/wp\/v2\/pages"}],"about":[{"href":"http:\/\/dolinaraby.pl\/klon2024\/wp-json\/wp\/v2\/types\/page"}],"author":[{"embeddable":true,"href":"http:\/\/dolinaraby.pl\/klon2024\/wp-json\/wp\/v2\/users\/1"}],"replies":[{"embeddable":true,"href":"http:\/\/dolinaraby.pl\/klon2024\/wp-json\/wp\/v2\/comments?post=154"}],"version-history":[{"count":38,"href":"http:\/\/dolinaraby.pl\/klon2024\/wp-json\/wp\/v2\/pages\/154\/revisions"}],"predecessor-version":[{"id":10931,"href":"http:\/\/dolinaraby.pl\/klon2024\/wp-json\/wp\/v2\/pages\/154\/revisions\/10931"}],"up":[{"embeddable":true,"href":"http:\/\/dolinaraby.pl\/klon2024\/wp-json\/wp\/v2\/pages\/160"}],"wp:attachment":[{"href":"http:\/\/dolinaraby.pl\/klon2024\/wp-json\/wp\/v2\/media?parent=154"}],"curies":[{"name":"wp","href":"https:\/\/api.w.org\/{rel}","templated":true}]}}