{"id":1872,"date":"2013-05-08T11:24:59","date_gmt":"2013-05-08T09:24:59","guid":{"rendered":"http:\/\/dolinaraby.pl\/nowa_strona\/?page_id=1872"},"modified":"2022-06-24T13:04:15","modified_gmt":"2022-06-24T11:04:15","slug":"projekty-wspolpracy-2","status":"publish","type":"page","link":"http:\/\/dolinaraby.pl\/klon2024\/projekty-wspolpracy-2\/","title":{"rendered":"Projekty wsp\u00f3\u0142pracy"},"content":{"rendered":"<p style=\"text-align: justify;\">Stowarzyszenie LGD &#8222;Dolina Raby&#8221; zrealizowa\u0142o nast\u0119puj\u0105ce projekty wsp\u00f3\u0142pracy tj.&nbsp; <a href=\"http:\/\/dolinaraby.pl\/nowa_strona\/?p=452\">&#8222;Szlak \u017bele\u0144skich&#8221;<\/a>, &#8222;Smaki \u0141\u0105cz\u0105 Regiony &#8211; festiwal smak\u00f3w&#8221; (szczeg\u00f3\u0142y poni\u017cej), projekt <a href=\"http:\/\/dolinaraby.pl\/?p=2237\">&#8222;SMAK&#8221;<\/a>, projekt <a href=\"http:\/\/dolinaraby.pl\/trzecia-edycja-festiwalu-smaki\/\">&#8222;SMAK III&#8221;<\/a>, projekt <a href=\"http:\/\/dolinaraby.pl\/festiwal-smaki-beskidu-wyspowego-2\/\">&#8222;Tradycje Beskidu Wyspowego&#8221;<\/a>, projekt <a href=\"http:\/\/dolinaraby.pl\/spotkanie-kultur-kulinarnych-polski-finladnii\/\">&#8222;Spotkanie Kultur Kulinarnych Polski i Finlandii&#8221;<\/a>, <a href=\"http:\/\/dolinaraby.pl\/spotkanie-kultur-kulinarnych-polski-i-irlandii\/\">&#8222;Spotkanie Kultur Kulinarnych Polski i Irlandii&#8221;<\/a>.<\/p>\n<p style=\"text-align: center;\"><strong>Projekt &#8222;Smaki \u0141\u0105cza Regiony&#8221; to tytu\u0142 projektu wsp\u00f3\u0142pracy sze\u015bciu LGD z r\u00f3\u017cnych region\u00f3w Polski:<\/strong><\/p>\n<p style=\"text-align: justify;\">Ma\u0142opolska &#8211; &#8222;Dolina Raby&#8221;, &#8222;Go\u015bciniec 4 \u017bywio\u0142\u00f3w&#8221;,<\/p>\n<p style=\"text-align: justify;\">Mazowsze &#8211;&nbsp; &#8222;Echo Puszczy Bolimowskiej&#8221; i &#8222;Ziemia Che\u0142omo\u0144skiego&#8221;<\/p>\n<p style=\"text-align: justify;\">Wielkopolska- &#8222;\u015awiatowid&#8221;<\/p>\n<p style=\"text-align: justify;\">Podlasie &#8211; &#8222;Puszcza Bia\u0142owieska&#8221;<\/p>\n<p style=\"text-align: justify;\"><a href=\"http:\/\/dolinaraby.pl\/nowa_strona\/wp-content\/uploads\/2013\/05\/CCF20130516_00000.jpg\" data-rel=\"penci-gallery-image-content\" ><img fetchpriority=\"high\" decoding=\"async\" class=\"aligncenter wp-image-2056\" title=\"CCF20130516_00000\" src=\"http:\/\/dolinaraby.pl\/nowa_strona\/wp-content\/uploads\/2013\/05\/CCF20130516_00000.jpg\" alt=\"\" width=\"650\" height=\"455\" srcset=\"http:\/\/dolinaraby.pl\/klon2024\/wp-content\/uploads\/2013\/05\/CCF20130516_00000.jpg 3437w, http:\/\/dolinaraby.pl\/klon2024\/wp-content\/uploads\/2013\/05\/CCF20130516_00000-300x210.jpg 300w, http:\/\/dolinaraby.pl\/klon2024\/wp-content\/uploads\/2013\/05\/CCF20130516_00000-1024x717.jpg 1024w\" sizes=\"(max-width: 650px) 100vw, 650px\" \/><\/a><\/p>\n<p style=\"text-align: justify;\">Celem projektu by\u0142o zachowanie i waloryzacja dziedzictwa kulturowego partner\u00f3w projektu ze szczeg\u00f3lnym uwzgl\u0119dnieniem dziedzictwa kulinarnego.&nbsp; Cel zosta\u0142 osi\u0105gni\u0119ty poprzez realizacj\u0119 nast\u0119puj\u0105cych zada\u0144:<\/p>\n<p style=\"text-align: justify;\">&#8211; Spotkanie przedstawicieli LGD uczestnicz\u0105cych w projekcie w dniu 17 czerwca 2011 r. na Zamku w Nowym Wi\u015bniczu &#8211;&nbsp; miejsce napisania przez Stanis\u0142awa Czernieckiego w 1682 r. pierwszej ksi\u0105\u017cki kucharskiej. Om\u00f3wiono tak\u017ce zamys\u0142 utworzenia w Nowym Wi\u015bniczu biblioteki, kt\u00f3ra gromadzi\u0142aby wszelkie ksi\u0105\u017cki i wydawnictwa kulinarne, b\u0105d\u017a z kulinariami zwi\u0105zane, ukazuj\u0105ce si\u0119 w Polsce;<\/p>\n<p style=\"text-align: justify;\">&#8211; Wsp\u00f3lne przygotowanie i prezentacja w dniu 18 czerwca 2011 r. w Chrostowej tradycyjnych potraw lokalnych i regionalnych oraz zwi\u0105zana z tym wymiana do\u015bwiadcze\u0144 z zakresu kulinari\u00f3w. Podczas biesiady, kt\u00f3ra si\u0119 odby\u0142a na terenie Zespo\u0142u Szk\u00f3\u0142 w D\u0105browicy przygotowano potrawy, kt\u00f3re zosta\u0142y zaprezentowane podczas biesiady, jak r\u00f3wnie\u017c niedzielnego spotkania w Lanckoronie;<\/p>\n<p style=\"text-align: justify;\">&#8211; Prezentacja potraw podczas &#8222;Jarmarku \u015awi\u0119toja\u0144skiego&#8221; w dniu 19 czerwca 2011 r. w Lanckoronie. Opr\u00f3cz prezentacji potraw zosta\u0142o przeprowadzone spotkanie po\u015bwi\u0119cone regionalnym produktom tradycyjym. Uczestnicy projektu zwr\u00f3cili uwag\u0119 na niedocenion\u0105 rol\u0119 produkt\u00f3w lokalnych, kt\u00f3re opr\u00f3cz bazowania na elemencie kulturowym danego regionu mo\u017ce by\u0107 r\u00f3wnie\u017c jego wizyt\u00f3wk\u0105;<\/p>\n<p style=\"text-align: justify;\">&#8211; Konkurs na najlepsz\u0105 potraw\u0119 regionaln\u0105 w 5 kategoriach; ros\u00f3\u0142, zupa, drugie danie, deser, smarowid\u0142o;<\/p>\n<p style=\"text-align: justify;\">&#8211; Prezentacja dobrych przyk\u0142ad\u00f3w promocji produkt\u00f3w tradycyjnych i region\u00f3w Polski oraz opracowanie programu promocji region\u00f3w poprzez dziedzictwo kulinarne w trakcie tzw. &#8222;Forum smak\u00f3w&#8221; pt. &#8222;Produkt lokalny i tradycyjny &#8211; bogactwem regionu&#8221; w dniu 19 czerwca 2011 r.<\/p>\n<p style=\"text-align: justify;\">&#8211; Wydanie publikacji<\/p>\n<div data-sliderid=\"21758\" id=\"penci-post-gallery__21758\" class=\"penci-post-gallery-container justified column-4\" data-height=\"150\" data-margin=\"3\"><a class=\"penci-gallery-ite item-gallery-justified\" href=\"http:\/\/dolinaraby.pl\/klon2024\/wp-content\/uploads\/2013\/05\/SAM_0556-1024x768.jpg\"><img decoding=\"async\" src=\"http:\/\/dolinaraby.pl\/klon2024\/wp-content\/uploads\/2013\/05\/SAM_0556-1024x768.jpg\" alt=\"\" title=\"SAM_0556 [1024&#215;768]\"><\/a><a class=\"penci-gallery-ite item-gallery-justified\" href=\"http:\/\/dolinaraby.pl\/klon2024\/wp-content\/uploads\/2013\/05\/SAM_0525-1024x768.jpg\"><img decoding=\"async\" src=\"http:\/\/dolinaraby.pl\/klon2024\/wp-content\/uploads\/2013\/05\/SAM_0525-1024x768.jpg\" alt=\"\" title=\"SAM_0525 [1024&#215;768]\"><\/a><a class=\"penci-gallery-ite item-gallery-justified\" href=\"http:\/\/dolinaraby.pl\/klon2024\/wp-content\/uploads\/2013\/05\/SAM_0553-1024x768.jpg\"><img decoding=\"async\" src=\"http:\/\/dolinaraby.pl\/klon2024\/wp-content\/uploads\/2013\/05\/SAM_0553-1024x768.jpg\" alt=\"\" title=\"SAM_0553 [1024&#215;768]\"><\/a><a class=\"penci-gallery-ite item-gallery-justified\" href=\"http:\/\/dolinaraby.pl\/klon2024\/wp-content\/uploads\/2013\/05\/SAM_0453-1024x768.jpg\"><img decoding=\"async\" src=\"http:\/\/dolinaraby.pl\/klon2024\/wp-content\/uploads\/2013\/05\/SAM_0453-1024x768.jpg\" alt=\"\" title=\"SAM_0453 [1024&#215;768]\"><\/a><a class=\"penci-gallery-ite item-gallery-justified\" href=\"http:\/\/dolinaraby.pl\/klon2024\/wp-content\/uploads\/2013\/05\/SAM_0451-1024x768.jpg\"><img decoding=\"async\" src=\"http:\/\/dolinaraby.pl\/klon2024\/wp-content\/uploads\/2013\/05\/SAM_0451-1024x768.jpg\" alt=\"\" title=\"SAM_0451 [1024&#215;768]\"><\/a><a class=\"penci-gallery-ite item-gallery-justified\" href=\"http:\/\/dolinaraby.pl\/klon2024\/wp-content\/uploads\/2013\/05\/DSC_0133-1024x768.jpg\"><img decoding=\"async\" src=\"http:\/\/dolinaraby.pl\/klon2024\/wp-content\/uploads\/2013\/05\/DSC_0133-1024x768.jpg\" alt=\"\" title=\"DSC_0133 [1024&#215;768]\"><\/a><a class=\"penci-gallery-ite item-gallery-justified\" href=\"http:\/\/dolinaraby.pl\/klon2024\/wp-content\/uploads\/2013\/05\/DSC_0132-1024x768.jpg\"><img decoding=\"async\" src=\"http:\/\/dolinaraby.pl\/klon2024\/wp-content\/uploads\/2013\/05\/DSC_0132-1024x768.jpg\" alt=\"\" title=\"DSC_0132 [1024&#215;768]\"><\/a><a class=\"penci-gallery-ite item-gallery-justified\" href=\"http:\/\/dolinaraby.pl\/klon2024\/wp-content\/uploads\/2013\/05\/DSC_0131-1024x768.jpg\"><img decoding=\"async\" src=\"http:\/\/dolinaraby.pl\/klon2024\/wp-content\/uploads\/2013\/05\/DSC_0131-1024x768.jpg\" alt=\"\" title=\"DSC_0131 [1024&#215;768]\"><\/a><a class=\"penci-gallery-ite item-gallery-justified\" href=\"http:\/\/dolinaraby.pl\/klon2024\/wp-content\/uploads\/2013\/05\/DSC_0128-1024x768.jpg\"><img decoding=\"async\" src=\"http:\/\/dolinaraby.pl\/klon2024\/wp-content\/uploads\/2013\/05\/DSC_0128-1024x768.jpg\" alt=\"\" title=\"DSC_0128 [1024&#215;768]\"><\/a><a class=\"penci-gallery-ite item-gallery-justified\" href=\"http:\/\/dolinaraby.pl\/klon2024\/wp-content\/uploads\/2013\/05\/CCF20130516_00000.jpg\"><img decoding=\"async\" src=\"http:\/\/dolinaraby.pl\/klon2024\/wp-content\/uploads\/2013\/05\/CCF20130516_00000.jpg\" alt=\"\" title=\"CCF20130516_00000\"><\/a><\/div>\n","protected":false},"excerpt":{"rendered":"<p>Stowarzyszenie LGD &#8222;Dolina Raby&#8221; zrealizowa\u0142o nast\u0119puj\u0105ce projekty wsp\u00f3\u0142pracy tj.&nbsp; &#8222;Szlak \u017bele\u0144skich&#8221;, &#8222;Smaki \u0141\u0105cz\u0105 Regiony &#8211; festiwal smak\u00f3w&#8221; (szczeg\u00f3\u0142y poni\u017cej), projekt &#8222;SMAK&#8221;, projekt &#8222;SMAK III&#8221;, projekt&hellip;<\/p>\n","protected":false},"author":1,"featured_media":0,"parent":0,"menu_order":0,"comment_status":"open","ping_status":"open","template":"","meta":{"_monsterinsights_skip_tracking":false,"_monsterinsights_sitenote_active":false,"_monsterinsights_sitenote_note":"","_monsterinsights_sitenote_category":0,"ngg_post_thumbnail":0,"footnotes":""},"class_list":["post-1872","page","type-page","status-publish","hentry"],"_links":{"self":[{"href":"http:\/\/dolinaraby.pl\/klon2024\/wp-json\/wp\/v2\/pages\/1872","targetHints":{"allow":["GET"]}}],"collection":[{"href":"http:\/\/dolinaraby.pl\/klon2024\/wp-json\/wp\/v2\/pages"}],"about":[{"href":"http:\/\/dolinaraby.pl\/klon2024\/wp-json\/wp\/v2\/types\/page"}],"author":[{"embeddable":true,"href":"http:\/\/dolinaraby.pl\/klon2024\/wp-json\/wp\/v2\/users\/1"}],"replies":[{"embeddable":true,"href":"http:\/\/dolinaraby.pl\/klon2024\/wp-json\/wp\/v2\/comments?post=1872"}],"version-history":[{"count":13,"href":"http:\/\/dolinaraby.pl\/klon2024\/wp-json\/wp\/v2\/pages\/1872\/revisions"}],"predecessor-version":[{"id":11959,"href":"http:\/\/dolinaraby.pl\/klon2024\/wp-json\/wp\/v2\/pages\/1872\/revisions\/11959"}],"wp:attachment":[{"href":"http:\/\/dolinaraby.pl\/klon2024\/wp-json\/wp\/v2\/media?parent=1872"}],"curies":[{"name":"wp","href":"https:\/\/api.w.org\/{rel}","templated":true}]}}