{"id":1879,"date":"2013-05-08T12:42:17","date_gmt":"2013-05-08T10:42:17","guid":{"rendered":"http:\/\/dolinaraby.pl\/nowa_strona\/?page_id=1879"},"modified":"2015-09-29T11:38:51","modified_gmt":"2015-09-29T09:38:51","slug":"przyszlosc-perspektywa-finansowa-2014-2020","status":"publish","type":"page","link":"http:\/\/dolinaraby.pl\/klon2024\/przyszlosc-perspektywa-finansowa-2014-2020\/","title":{"rendered":"Przysz\u0142o\u015b\u0107 &#8211; Perspektywa finansowa 2014 &#8211; 2020"},"content":{"rendered":"<h2 style=\"text-align: center;\"><strong>BUDOWANIE NOWEJ LSR<\/strong><\/h2>\n<p style=\"text-align: justify;\"><em><strong>Szanowni Pa\u0144stwo,<\/strong><\/em><\/p>\n<p style=\"text-align: justify;\">Dzi\u0119kujemy za dotychczasow\u0105 wsp\u00f3\u0142prac\u0119 z Lokaln\u0105 Grupa Dzia\u0142ania przy realizacji Lokalnej Strategii Rozwoju w okresie programowania 2007-2013.\u00a0Zapraszamy do wsp\u00f3lnego budowania nowej Lokalnej Strategii Rozwoju (LSR) dla okresu programowania 2014-2020.\u00a0Wszystkie osoby, kt\u00f3re chc\u0105 si\u0119 wi\u0119cej zaanga\u017cowa\u0107 w budowanie LSR zapraszamy do udzia\u0142u w pracach Zespo\u0142u Roboczego. Z cz\u0142onkami Zespo\u0142u Roboczego dyskutowa\u0107 b\u0119dziemy r\u00f3\u017cne zapisy zanim trafi\u0105 do szerokich konsultacji.<\/p>\n<p style=\"text-align: justify;\">Wa\u017cnym narz\u0119dziem komunikacji b\u0119dzie nasza strona internetowa, dlatego prosimy na ni\u0105 zagl\u0105da\u0107. B\u0119dziemy tu zamieszcza\u0107 wszystkie informacje o budowaniu LSR i materia\u0142y do jej budowania, wyniki spotka\u0144, propozycje zapis\u00f3w itp.<\/p>\n<p style=\"text-align: justify;\">W miesi\u0105cu sierpniu zapraszamy Pa\u0144stwa do udzia\u0142u w ankiecie badawczej, kt\u00f3ra ma nam pom\u00f3c w przygotowaniu solidnej diagnozy o obszarze LGD. Poni\u017cej link do ankiety internetowej:<\/p>\n<p style=\"text-align: center;\"><a href=\"http:\/\/moje-ankiety.pl\/respond-78924.html\">ANKIETA INTERNETOWA<\/a><\/p>\n<p style=\"text-align: justify;\">Nasi pracownicy b\u0119d\u0105 te\u017c zbiera\u0107 te ankiety w terenie.<\/p>\n<p style=\"text-align: justify;\">W celu przygotowania diagnozy zwracamy si\u0119 do Pa\u0144stwa z pro\u015bb\u0105 o informacje<br \/>\no mniej dost\u0119pnych powszechnie opracowaniach na temat naszego obszaru dzia\u0142ania np. pracach magisterskich, kt\u00f3rych zawarto\u015b\u0107 mo\u017ce dostarczy\u0107 ciekawych danych o obszarze LGD.<\/p>\n<p style=\"text-align: justify;\">B\u0119dziemy si\u0119 z Pa\u0144stwem te\u017c spotyka\u0107. W miesi\u0105cu wrze\u015bniu planujemy spotkania \u2013 po jednym w ka\u017cdej gminie, podczas kt\u00f3rych przedstawimy diagnoz\u0119 obszaru, wyniki ankiety badawczej, przeprowadzimy analiz\u0119 SWOT i dokonamy ustalenia cel\u00f3w LSR. Poni\u017cej przedstawiamy daty i miejsca spotka\u0144:<\/p>\n<p style=\"text-align: justify;\">Zwracamy si\u0119 do Pa\u0144stwa z pro\u015bb\u0105 o wype\u0142nienie anonimowej ankiety. Wyniki ankiet b\u0119d\u0105 pomocne przy tworzeniu analizy SWOT okre\u015blaj\u0105cej najwa\u017cniejsze mocne i s\u0142abe strony obszaru oraz szanse i zagro\u017cenia. Dzi\u0119ki Pa\u0144stwa odpowiedziom \u0142atwiejsze b\u0119dzie tak\u017ce ustalenie cel\u00f3w Lokalnej Grupy Dzia\u0142ania \u201eDolina Raby\u201d na najbli\u017csze lata. Wype\u0142nienie ankiety zajmuje oko\u0142o 10 minut.<\/p>\n<p style=\"text-align: center;\"><a href=\"http:\/\/moje-ankiety.pl\/respond-79336.html\">http:\/\/moje-ankiety.pl\/respond-79336.html<\/a><\/p>\n<p style=\"text-align: justify;\"><a href=\"http:\/\/dolinaraby.pl\/wp-content\/uploads\/2013\/05\/Harmonogram.jpg\" data-rel=\"penci-gallery-image-content\" ><img fetchpriority=\"high\" decoding=\"async\" class=\"alignleft size-medium wp-image-5647\" src=\"http:\/\/dolinaraby.pl\/wp-content\/uploads\/2013\/05\/Harmonogram-237x300.jpg\" alt=\"Harmonogram\" width=\"237\" height=\"300\" srcset=\"http:\/\/dolinaraby.pl\/klon2024\/wp-content\/uploads\/2013\/05\/Harmonogram-237x300.jpg 237w, http:\/\/dolinaraby.pl\/klon2024\/wp-content\/uploads\/2013\/05\/Harmonogram-809x1024.jpg 809w, http:\/\/dolinaraby.pl\/klon2024\/wp-content\/uploads\/2013\/05\/Harmonogram.jpg 1224w\" sizes=\"(max-width: 237px) 100vw, 237px\" \/><\/a><\/p>\n<p style=\"text-align: justify;\">Tylko z Pa\u0144stwa aktywnym udzia\u0142em mo\u017cemy przygotowa\u0107 Lokaln\u0105 Strategi\u0119 Rozwoju najlepiej odpowiadaj\u0105c\u0105 mocnym stronom i szansom rozwoju obszaru LGD, eliminuj\u0105c jego s\u0142abe strony i skutecznie przeciwstawiaj\u0105c si\u0119 zagro\u017ceniom jego rozwoju.Oczekujemy na Pa\u0144stwa propozycje projekt\u00f3w. B\u0119dziemy zbiera\u0107 karty projekt\u00f3w, mo\u017cecie te\u017c Pa\u0144stwo konsultowa\u0107 si\u0119 z naszymi pracownikami Biura. Czekamy na Pa\u0144stwa w naszym biurze w Zespole Szk\u00f3\u0142 w D\u0105browicy (Chrostowa), g\u0142\u00f3wnie we wtorki i w \u015brody w godz. 10:00 \u2013 14:00. Ch\u0119tnie spotkamy si\u0119 z Pa\u0144stwem poza tymi godzinami, a tak\u017ce poza Biurem LGD \u2013 prosimy pisa\u0107 wiadomo\u015bci mailowe na adresy mailowe lub dzwoni\u0107 na numery telefon\u00f3w, kt\u00f3re podane s\u0105 na naszej stronie internetowej.<\/p>\n<p style=\"text-align: center;\">Do pobrania:<\/p>\n<h2 style=\"text-align: center;\"><span style=\"color: #ff0000; font-size: 14pt;\"><a style=\"color: #ff0000;\" href=\"http:\/\/dolinaraby.pl\/wp-content\/uploads\/2015\/08\/Plan-w\u0142\u0105czenia-spo\u0142eczno\u015bci.pdf\">Plan w\u0142\u0105czenia spo\u0142eczno\u015bci<\/a><\/span><\/h2>\n<h2 style=\"text-align: center;\"><span style=\"color: #ff0000; font-size: 14pt;\"><a style=\"color: #ff0000;\" href=\"http:\/\/dolinaraby.pl\/wp-content\/uploads\/2013\/05\/DR_1-Gospodarka-2014.pdf\">Diagnoza Gospodarka LGD w 2014 r.<\/a><\/span><\/h2>\n<h2 style=\"text-align: center;\"><span style=\"color: #ff0000; font-size: 14pt;\"><a style=\"color: #ff0000;\" href=\"http:\/\/dolinaraby.pl\/wp-content\/uploads\/2013\/05\/DR_1-Sprawy-spo\u0142eczne-2014.pdf\">Diagnoza Sprawy spo\u0142eczne w 2014 r.<\/a><\/span><\/h2>\n<h2 style=\"text-align: center;\"><span style=\"color: #ff0000; font-size: 14pt;\"><a style=\"color: #ff0000;\" href=\"http:\/\/dolinaraby.pl\/wp-content\/uploads\/2013\/05\/DR-Stan-\u015brodowiska-2014.pdf\">Diagnoza Stan \u015brodowiska LGD w 2014 r.<\/a><\/span><\/h2>\n<h3 style=\"text-align: justify;\"><\/h3>\n<h4 style=\"text-align: center;\"><\/h4>\n<h4 style=\"text-align: center;\"><\/h4>\n<p><!--more--><\/p>\n<h4 style=\"text-align: center;\"><strong><span style=\"font-size: 12pt;\">Poni\u017cej prezentujemy aktualn\u0105 dokumentacj\u0119 dotycz\u0105c\u0105 zarys\u00f3w PROW na lata 2014-2020.<\/span><\/strong><\/h4>\n<p style=\"text-align: center;\"><a href=\"http:\/\/dolinaraby.pl\/wp-content\/uploads\/2013\/05\/PROW2014-2020.pdf\">PROW2014-2020<\/a><\/p>\n<p style=\"text-align: center;\"><a href=\"http:\/\/dolinaraby.pl\/wp-content\/uploads\/2013\/05\/dokument184303.pdf\">Projekt rozporz\u0105dzenia w sprawie &#8222;Wsparcie na wdra\u017canie operacji w ramach strategii rozwoju lokalnego kierowanego przez spo\u0142eczno\u015b\u0107 2014-2020<\/a><\/p>\n<p style=\"text-align: center;\"><a href=\"http:\/\/dolinaraby.pl\/wp-content\/uploads\/2013\/05\/Nowy-Leader-w-nowej-perspektywie-PROW.pdf\">Nowy Leader w nowej perspektywie PROW<\/a><\/p>\n<p style=\"text-align: justify;\"><strong><span style=\"color: #800000;\">Prezes LGD \u201eDolina Raby\u201d jest cz\u0142onkiem grupy roboczej ds. PROW 2014-2020 jako osoba zarekomendowana przez przedstawicieli LGD w Grupie Tematycznej Leader. Jest tak\u017ce Wiceprezesem Polskiej Sieci LGD, anga\u017cuj\u0105cym si\u0119 w dzia\u0142ania na rzecz podej\u015bcia LEADER\u00a0 w Polsce. \u00a0Z racji jego funkcji poprzez liczne rozmowy z europos\u0142ami, pos\u0142ami, senatorami i radnymi wojew\u00f3dzkimi w\u0142\u0105cza si\u0119 w kszta\u0142towanie i wynegocjowanie jak najlepszych warunk\u00f3w dla podej\u015bcia Leadera w nowej perspektywie finansowania na lata 2014-2020.<\/span><\/strong><\/p>\n<pre><!-- [if gte mso 9]><xml>\r\n <w:LatentStyles DefLockedState=\"false\" LatentStyleCount=\"156\">\r\n <\/w:LatentStyles>\r\n<\/xml><![endif]--><!-- [if gte mso 10]>\r\n\r\n\r\n\r\n\r\n\r\n\r\n\r\n\r\n\r\n\r\n<style>\r\n \/* Style Definitions *\/\r\n table.MsoNormalTable\r\n\t{mso-style-name:Standardowy;\r\n\tmso-tstyle-rowband-size:0;\r\n\tmso-tstyle-colband-size:0;\r\n\tmso-style-noshow:yes;\r\n\tmso-style-parent:\"\";\r\n\tmso-padding-alt:0cm 5.4pt 0cm 5.4pt;\r\n\tmso-para-margin:0cm;\r\n\tmso-para-margin-bottom:.0001pt;\r\n\tmso-pagination:widow-orphan;\r\n\tfont-size:10.0pt;\r\n\tfont-family:\"Times New Roman\";\r\n\tmso-ansi-language:#0400;\r\n\tmso-fareast-language:#0400;\r\n\tmso-bidi-language:#0400;}\r\n<\/style>\r\n\r\n\r\n\r\n\r\n\r\n\r\n\r\n\r\n\r\n\r\n<![endif]--><\/pre>\n","protected":false},"excerpt":{"rendered":"<p>BUDOWANIE NOWEJ LSR Szanowni Pa\u0144stwo, Dzi\u0119kujemy za dotychczasow\u0105 wsp\u00f3\u0142prac\u0119 z Lokaln\u0105 Grupa Dzia\u0142ania przy realizacji Lokalnej Strategii Rozwoju w okresie programowania 2007-2013.\u00a0Zapraszamy do wsp\u00f3lnego budowania&hellip;<\/p>\n","protected":false},"author":1,"featured_media":0,"parent":0,"menu_order":0,"comment_status":"open","ping_status":"open","template":"","meta":{"_monsterinsights_skip_tracking":false,"_monsterinsights_sitenote_active":false,"_monsterinsights_sitenote_note":"","_monsterinsights_sitenote_category":0,"ngg_post_thumbnail":0,"footnotes":""},"class_list":["post-1879","page","type-page","status-publish","hentry"],"_links":{"self":[{"href":"http:\/\/dolinaraby.pl\/klon2024\/wp-json\/wp\/v2\/pages\/1879","targetHints":{"allow":["GET"]}}],"collection":[{"href":"http:\/\/dolinaraby.pl\/klon2024\/wp-json\/wp\/v2\/pages"}],"about":[{"href":"http:\/\/dolinaraby.pl\/klon2024\/wp-json\/wp\/v2\/types\/page"}],"author":[{"embeddable":true,"href":"http:\/\/dolinaraby.pl\/klon2024\/wp-json\/wp\/v2\/users\/1"}],"replies":[{"embeddable":true,"href":"http:\/\/dolinaraby.pl\/klon2024\/wp-json\/wp\/v2\/comments?post=1879"}],"version-history":[{"count":29,"href":"http:\/\/dolinaraby.pl\/klon2024\/wp-json\/wp\/v2\/pages\/1879\/revisions"}],"predecessor-version":[{"id":5775,"href":"http:\/\/dolinaraby.pl\/klon2024\/wp-json\/wp\/v2\/pages\/1879\/revisions\/5775"}],"wp:attachment":[{"href":"http:\/\/dolinaraby.pl\/klon2024\/wp-json\/wp\/v2\/media?parent=1879"}],"curies":[{"name":"wp","href":"https:\/\/api.w.org\/{rel}","templated":true}]}}