{"id":27,"date":"2012-12-01T12:38:13","date_gmt":"2012-12-01T11:38:13","guid":{"rendered":"http:\/\/dolinaraby.pl\/nowa_strona\/?page_id=27"},"modified":"2024-04-30T10:49:53","modified_gmt":"2024-04-30T08:49:53","slug":"biuro-lgd","status":"publish","type":"page","link":"http:\/\/dolinaraby.pl\/klon2024\/biuro-lgd\/","title":{"rendered":"Biuro LGD"},"content":{"rendered":"<p style=\"text-align: justify;\"><strong>Biuro LGD &#8222;Dolina Raby&#8221;<\/strong> znajduje si\u0119 na terenie by\u0142ego Zespo\u0142u Szk\u00f3\u0142 w D\u0105browicy w miejscowo\u015bci Chrostowa pod numerem 1B, Gmina \u0141apan\u00f3w. Przyjmuje strony od pon &#8211; pt w godz. 9.00 &#8211; 14.00. Pracownicy biura udzielaj\u0105 bezp\u0142atnego doradztwa jak przygotowa\u0107 wnioski aplikacyjne w ramach dzia\u0142a\u0144 RLKS &#8211; LEADER.<\/p>\n<p>Telefon do biura: 14 685 44 44, kom. 600 856 618, email: <a href=\"mailto:biuro@dolinaraby.pl\">biuro@dolinaraby.pl<\/a><\/p>\n<p><strong>Pracownicy:<\/strong><\/p>\n<p>Patryk Paszkot &#8211; Kierownik Biura,<br \/>\nNatalia We\u0142na &#8211; Specjalista ds. przygotowania, realizacji i rozliczania projekt\u00f3w,&nbsp;<br \/>\nGabriela Korta &#8211; Pracownik biurowy&nbsp;<\/p>\n<p>&nbsp;<\/p>\n<p>&nbsp;<\/p>\n","protected":false},"excerpt":{"rendered":"<p>Biuro LGD &#8222;Dolina Raby&#8221; znajduje si\u0119 na terenie by\u0142ego Zespo\u0142u Szk\u00f3\u0142 w D\u0105browicy w miejscowo\u015bci Chrostowa pod numerem 1B, Gmina \u0141apan\u00f3w. Przyjmuje strony od pon&hellip;<\/p>\n","protected":false},"author":1,"featured_media":0,"parent":0,"menu_order":0,"comment_status":"closed","ping_status":"closed","template":"","meta":{"_monsterinsights_skip_tracking":false,"_monsterinsights_sitenote_active":false,"_monsterinsights_sitenote_note":"","_monsterinsights_sitenote_category":0,"ngg_post_thumbnail":0,"footnotes":""},"class_list":["post-27","page","type-page","status-publish","hentry"],"_links":{"self":[{"href":"http:\/\/dolinaraby.pl\/klon2024\/wp-json\/wp\/v2\/pages\/27","targetHints":{"allow":["GET"]}}],"collection":[{"href":"http:\/\/dolinaraby.pl\/klon2024\/wp-json\/wp\/v2\/pages"}],"about":[{"href":"http:\/\/dolinaraby.pl\/klon2024\/wp-json\/wp\/v2\/types\/page"}],"author":[{"embeddable":true,"href":"http:\/\/dolinaraby.pl\/klon2024\/wp-json\/wp\/v2\/users\/1"}],"replies":[{"embeddable":true,"href":"http:\/\/dolinaraby.pl\/klon2024\/wp-json\/wp\/v2\/comments?post=27"}],"version-history":[{"count":22,"href":"http:\/\/dolinaraby.pl\/klon2024\/wp-json\/wp\/v2\/pages\/27\/revisions"}],"predecessor-version":[{"id":13713,"href":"http:\/\/dolinaraby.pl\/klon2024\/wp-json\/wp\/v2\/pages\/27\/revisions\/13713"}],"wp:attachment":[{"href":"http:\/\/dolinaraby.pl\/klon2024\/wp-json\/wp\/v2\/media?parent=27"}],"curies":[{"name":"wp","href":"https:\/\/api.w.org\/{rel}","templated":true}]}}